{"id":100,"date":"2020-12-02T19:38:32","date_gmt":"2020-12-02T18:38:32","guid":{"rendered":"https:\/\/bocskai11.hu\/?page_id=100"},"modified":"2023-04-18T08:27:30","modified_gmt":"2023-04-18T06:27:30","slug":"korzetunk","status":"publish","type":"page","link":"https:\/\/bocskai11.hu\/index.php\/korzetunk\/","title":{"rendered":"K\u00f6rzet\u00fcnk"},"content":{"rendered":"<h1>Leend\u0151 els\u0151s\u00f6knek\/K\u00f6rzet\u00fcnk<\/h1>\n<div align=\"justify\">\n<div class=\"Section1\">\n<p><strong>Az \u00dajbudai Bocskai Istv\u00e1n \u00c1ltal\u00e1nos Iskola beiskol\u00e1z\u00e1si k\u00f6rzete<\/strong><\/p>\n<p>Aga u.<br \/>\nAga k\u00f6z<br \/>\nAjn\u00e1csk\u0151 u.<br \/>\nAls\u00f3hegy u. 29-t\u0151l \u00e9s 44-t\u0151l v\u00e9gig<br \/>\n\u00c1bel Jen\u0151 u.<br \/>\nBadacsonyi u.<br \/>\nBali S\u00e1ndor u.<br \/>\nBart\u00f3k B. \u00fat 51-103-ig (p\u00e1ratlan oldal)<br \/>\nBocskai u. 31-t\u0151l v\u00e9gig \u00e9s 30-t\u00f3l v\u00e9gig<br \/>\nBrass\u00f3 \u00fat 169-179. k\u00f6z\u00f6tt<br \/>\nBuda\u00f6rsi \u00fat 42-94. \u00e9s 43-103. k\u00f6z\u00f6tt<br \/>\nCsetneki u.<br \/>\nDayka G\u00e1bor u. 2-16. \u00e9s 1-19. k\u00f6z\u00f6tt<br \/>\nDar\u00f3czi u.<br \/>\nD\u00e1vid Ferenc u.<br \/>\nDinnye u.<br \/>\nDi\u00f3szegi \u00fat<br \/>\nEd\u00f6m\u00e9r u.<br \/>\nElek u.<br \/>\nFadrusz u. 2-8-ig<br \/>\nFrankfurt s\u00e9t\u00e1ny<br \/>\nF\u00fcggetlens\u00e9gi park<br \/>\nGy\u00f6r\u00f6k u.<br \/>\nHamzsab\u00e9gi u. 43-t\u00f3l v\u00e9gig<br \/>\nHarasztos \u00fat<br \/>\nHarcos u.<br \/>\nHarcos t\u00e9r<br \/>\nHoll\u00f3k\u0151 u.<br \/>\nHomonna k\u00f6z<br \/>\nHomonna u.<br \/>\nIbrahim u.<br \/>\nJ\u00e1sz\u00f3v\u00e1r u.<br \/>\nKarolina u. 1-69-ig<br \/>\nKarolina u. 2-74-ig<br \/>\nK\u00e1szony u.<br \/>\nKenese u.<br \/>\nKosztol\u00e1nyi Dezs\u0151 t\u00e9r 1-5.<br \/>\nK\u00f6k\u00f6rcsin u. 1-27-ig (v\u00e9gig), 2-t\u0151l v\u00e9gig<br \/>\nLaufenauer u.<br \/>\nMaderspach K\u00e1rolyn\u00e9 u.<br \/>\nNagysz\u0151l\u0151s u.<br \/>\nPannonhalmi \u00fat 2-38. \u00e9s 1-41. k\u00f6z\u00f6tt<br \/>\nPlacid Atya park<br \/>\nRozmaring utca<br \/>\nR\u0151f u.<br \/>\nTak\u00e1cs Menyh\u00e9rt u.<br \/>\nTarcali u.<br \/>\nTardoskedd u.<br \/>\nTas vez\u00e9r u.<br \/>\nTibav\u00e1r u.<br \/>\nTornav\u00e1r u.<br \/>\nT\u0171zolt\u00f3k tere<br \/>\nUgron G\u00e1bor u. 24-52. \u00e9s 23-49. k\u00f6z\u00f6tt<br \/>\nUl\u00e1szl\u00f3 u. 37-t\u0151l \u00e9s 48-t\u00f3l v\u00e9gig<br \/>\nValk\u00f3i u.<br \/>\nV\u00e1gfarkasd u.<br \/>\nVill\u00e1nyi \u00fat 2-76-ig<br \/>\nVincell\u00e9r u.<br \/>\nZsombolyai u.<\/p>\n<p><a href=\"https:\/\/bocskai11.hu\/wp-content\/uploads\/2023\/04\/1_Felveteli-kerelem-korzetesek-szamara.pdf\">Felv\u00e9teli jelentkez\u00e9s k\u00f6rzetes gyermekek r\u00e9sz\u00e9re<\/a><\/p>\n<p><a href=\"https:\/\/bocskai11.hu\/wp-content\/uploads\/2023\/04\/1_Felveteli-kerelem-korzeten-kivuliek-szamara.pdf\">Felv\u00e9teli k\u00e9relem k\u00f6rzeten k\u00edv\u00fcli gyermekek sz\u00e1m\u00e1ra<\/a><\/p>\n<p><a href=\"https:\/\/bocskai11.hu\/wp-content\/uploads\/2023\/04\/5_-Nyilatkozat-adatvedelem.pdf\">Adatv\u00e9delmi nyilatkozat<\/a><\/p>\n<p><a href=\"https:\/\/bocskai11.hu\/wp-content\/uploads\/2023\/04\/4_Nyilatkozat-etika_hittan-1.pdf\">Etika \/ Hittan nyilatkozat<\/a><\/p>\n<p><a href=\"https:\/\/bocskai11.hu\/wp-content\/uploads\/2023\/04\/2_Nyilatkozat-az-eletvitelszeru-tartozkodasrol.pdf\">Nyilatkozat az \u00e9letvitelszer\u0171 tart\u00f3zkod\u00e1sr\u00f3l<\/a><\/p>\n<p><a href=\"https:\/\/bocskai11.hu\/wp-content\/uploads\/2023\/04\/adatlap-diakoknak.pdf\">Tanul\u00f3i egy\u00e9ni adatlap<\/a><\/p>\n<p><a href=\"https:\/\/bocskai11.hu\/wp-content\/uploads\/2023\/04\/BAI_Szuloi-tajekoztato_2023_v1.pdf\">Beiratkoz\u00e1s az \u00e1ltal\u00e1nos iskol\u00e1ba, sz\u00fcl\u0151i t\u00e1j\u00e9koztat\u00f3 2023<\/a><\/p>\n<p><a href=\"https:\/\/bocskai11.hu\/wp-content\/uploads\/2021\/04\/Az-eletvitelszeru-tartozkodas-jogszabalyi-hattere.pdf\">Az \u00e9letvitelszer\u0171 tart\u00f3zkod\u00e1s jogszab\u00e1lyi h\u00e1ttere<\/a><\/p>\n<p><a href=\"https:\/\/kir.hu\/KIR2_KORZET_3h\/Pub\/Index\">K\u00f6rzet meg\u00e1llap\u00edt\u00e1sa lakc\u00edm alapj\u00e1n<\/a><\/p>\n<\/div>\n<\/div>\n","protected":false},"excerpt":{"rendered":"<p>Leend\u0151 els\u0151s\u00f6knek\/K\u00f6rzet\u00fcnk Az \u00dajbudai Bocskai Istv\u00e1n \u00c1ltal\u00e1nos Iskola beiskol\u00e1z\u00e1si k\u00f6rzete Aga u. Aga k\u00f6z Ajn\u00e1csk\u0151 u. Als\u00f3hegy u. 29-t\u0151l \u00e9s 44-t\u0151l v\u00e9gig \u00c1bel Jen\u0151 u.&hellip;<\/p>\n","protected":false},"author":1,"featured_media":0,"parent":0,"menu_order":0,"comment_status":"closed","ping_status":"closed","template":"","meta":{"footnotes":""},"class_list":["post-100","page","type-page","status-publish","hentry"],"_links":{"self":[{"href":"https:\/\/bocskai11.hu\/index.php\/wp-json\/wp\/v2\/pages\/100","targetHints":{"allow":["GET"]}}],"collection":[{"href":"https:\/\/bocskai11.hu\/index.php\/wp-json\/wp\/v2\/pages"}],"about":[{"href":"https:\/\/bocskai11.hu\/index.php\/wp-json\/wp\/v2\/types\/page"}],"author":[{"embeddable":true,"href":"https:\/\/bocskai11.hu\/index.php\/wp-json\/wp\/v2\/users\/1"}],"replies":[{"embeddable":true,"href":"https:\/\/bocskai11.hu\/index.php\/wp-json\/wp\/v2\/comments?post=100"}],"version-history":[{"count":15,"href":"https:\/\/bocskai11.hu\/index.php\/wp-json\/wp\/v2\/pages\/100\/revisions"}],"predecessor-version":[{"id":993,"href":"https:\/\/bocskai11.hu\/index.php\/wp-json\/wp\/v2\/pages\/100\/revisions\/993"}],"wp:attachment":[{"href":"https:\/\/bocskai11.hu\/index.php\/wp-json\/wp\/v2\/media?parent=100"}],"curies":[{"name":"wp","href":"https:\/\/api.w.org\/{rel}","templated":true}]}}