{"id":233,"date":"2020-12-03T15:43:32","date_gmt":"2020-12-03T14:43:32","guid":{"rendered":"https:\/\/bocskai11.hu\/?page_id=233"},"modified":"2024-02-23T14:45:25","modified_gmt":"2024-02-23T13:45:25","slug":"sakk","status":"publish","type":"page","link":"https:\/\/bocskai11.hu\/index.php\/sakk\/","title":{"rendered":"Sakk"},"content":{"rendered":"\n<div class=\"wp-block-media-text is-stacked-on-mobile\"><figure class=\"wp-block-media-text__media\"><img decoding=\"async\" src=\"https:\/\/bocskai11.hu\/wp-content\/uploads\/2023\/11\/sakk.jpg\" alt=\"\" class=\"wp-image-1829 size-full\"\/><\/figure><div class=\"wp-block-media-text__content\">\n<p>A modern \u00e1ltal\u00e1nos m\u0171velts\u00e9g r\u00e9sze a sakkismeret. Tant\u00e1rgyk\u00e9nt 1998 \u00f3ta tan\u00edtjuk a sakkot a Bocskaiban. A tant\u00e1rgy tan\u00edt\u00e1s\u00e1nak c\u00e9lja a gondolkod\u00e1s, a logikai ismeretek, a matematikai k\u00e9pess\u00e9gek fejleszt\u00e9se.<\/p>\n\n\n\n<p>A f\u0151bb alapelvek:<\/p>\n\n\n\n<p>\u2013 logikai ismeretek b\u0151v\u00edt\u00e9se<br>\u2013 matematikai k\u00e9szs\u00e9g fejleszt\u00e9se<br>\u2013 a strat\u00e9gia \u00e9s taktika haszn\u00e1lata \u00e9s elsaj\u00e1t\u00edt\u00e1sa<br>\u2013 a versenysakkoz\u00e1s alapelvei<br>\u2013 a sakksport\u00e1g ter\u00fclet\u00e9n az ut\u00e1np\u00f3tl\u00e1s nevel\u00e9se<br>\u2013 a sakkm\u0171v\u00e9szet megszerettet\u00e9se a di\u00e1kokkal.<\/p>\n\n\n\n<p>A sakk beilleszkedik az iskola \u00e1ltal vallott tev\u00e9kenys\u00e9gpedag\u00f3gi\u00e1ba, szerves egys\u00e9get alkot a v\u00edv\u00e1ssal is. Mindk\u00e9t sport\u00e1gban alapvet\u0151 k\u00f6vetelm\u00e9ny, hogy a fej parancsoljon a k\u00e9znek \u00e9s ne ford\u00edtva.<\/p>\n\n\n\n<p><\/p>\n<\/div><\/div>\n\n\n\n<p><\/p>\n","protected":false},"excerpt":{"rendered":"<p>A modern \u00e1ltal\u00e1nos m\u0171velts\u00e9g r\u00e9sze a sakkismeret. Tant\u00e1rgyk\u00e9nt 1998 \u00f3ta tan\u00edtjuk a sakkot a Bocskaiban. A tant\u00e1rgy tan\u00edt\u00e1s\u00e1nak c\u00e9lja a gondolkod\u00e1s, a logikai ismeretek, a&hellip;<\/p>\n","protected":false},"author":1,"featured_media":0,"parent":0,"menu_order":0,"comment_status":"closed","ping_status":"closed","template":"","meta":{"footnotes":""},"class_list":["post-233","page","type-page","status-publish","hentry"],"_links":{"self":[{"href":"https:\/\/bocskai11.hu\/index.php\/wp-json\/wp\/v2\/pages\/233","targetHints":{"allow":["GET"]}}],"collection":[{"href":"https:\/\/bocskai11.hu\/index.php\/wp-json\/wp\/v2\/pages"}],"about":[{"href":"https:\/\/bocskai11.hu\/index.php\/wp-json\/wp\/v2\/types\/page"}],"author":[{"embeddable":true,"href":"https:\/\/bocskai11.hu\/index.php\/wp-json\/wp\/v2\/users\/1"}],"replies":[{"embeddable":true,"href":"https:\/\/bocskai11.hu\/index.php\/wp-json\/wp\/v2\/comments?post=233"}],"version-history":[{"count":6,"href":"https:\/\/bocskai11.hu\/index.php\/wp-json\/wp\/v2\/pages\/233\/revisions"}],"predecessor-version":[{"id":2511,"href":"https:\/\/bocskai11.hu\/index.php\/wp-json\/wp\/v2\/pages\/233\/revisions\/2511"}],"wp:attachment":[{"href":"https:\/\/bocskai11.hu\/index.php\/wp-json\/wp\/v2\/media?parent=233"}],"curies":[{"name":"wp","href":"https:\/\/api.w.org\/{rel}","templated":true}]}}