{"id":236,"date":"2020-12-03T15:44:38","date_gmt":"2020-12-03T14:44:38","guid":{"rendered":"https:\/\/bocskai11.hu\/?page_id=236"},"modified":"2024-08-27T13:50:08","modified_gmt":"2024-08-27T11:50:08","slug":"vivas","status":"publish","type":"page","link":"https:\/\/bocskai11.hu\/index.php\/vivas\/","title":{"rendered":"V\u00edv\u00e1s"},"content":{"rendered":"\n<div class=\"wp-block-media-text is-stacked-on-mobile\"><figure class=\"wp-block-media-text__media\"><img fetchpriority=\"high\" decoding=\"async\" width=\"1024\" height=\"683\" src=\"https:\/\/bocskai11.hu\/wp-content\/uploads\/2024\/02\/BMG_Werk_057-1-1024x683.jpg\" alt=\"\" class=\"wp-image-2490 size-full\" srcset=\"https:\/\/bocskai11.hu\/wp-content\/uploads\/2024\/02\/BMG_Werk_057-1-1024x683.jpg 1024w, https:\/\/bocskai11.hu\/wp-content\/uploads\/2024\/02\/BMG_Werk_057-1-300x200.jpg 300w, https:\/\/bocskai11.hu\/wp-content\/uploads\/2024\/02\/BMG_Werk_057-1-768x512.jpg 768w, https:\/\/bocskai11.hu\/wp-content\/uploads\/2024\/02\/BMG_Werk_057-1-1536x1024.jpg 1536w, https:\/\/bocskai11.hu\/wp-content\/uploads\/2024\/02\/BMG_Werk_057-1.jpg 2048w\" sizes=\"(max-width: 1024px) 100vw, 1024px\" \/><\/figure><div class=\"wp-block-media-text__content\">\n<p><strong>V\u00edv\u00e1s:<\/strong><\/p>\n\n\n\n<p>Az orsz\u00e1gban els\u0151k\u00e9nt a Magyar V\u00edv\u00f3sz\u00f6vets\u00e9g ut\u00e1np\u00f3tl\u00e1s b\u00e1zisiskol\u00e1ja vagyunk, \u00edgy minden als\u00f3 tagozatos di\u00e1kunk tan\u00f3rai foglalkoz\u00e1s keret\u00e9ben v\u00edv\u00e1soktat\u00e1sban r\u00e9szes\u00fcl. Fels\u0151seink d\u00e9lut\u00e1nonk\u00e9nt ismerkedhetnek a v\u00edv\u00e1s tudom\u00e1ny\u00e1val. A c\u00e9l: a fej parancsoljon a k\u00e9znek, \u00e9s ne ford\u00edtva.<\/p>\n\n\n\n<p><\/p>\n<\/div><\/div>\n\n\n\n<div class=\"wp-block-media-text is-stacked-on-mobile\"><figure class=\"wp-block-media-text__media\"><img decoding=\"async\" width=\"653\" height=\"1024\" src=\"https:\/\/bocskai11.hu\/wp-content\/uploads\/2024\/08\/454002107_980844717171949_7778042660776852967_n.jpg\" alt=\"\" class=\"wp-image-2619 size-full\" srcset=\"https:\/\/bocskai11.hu\/wp-content\/uploads\/2024\/08\/454002107_980844717171949_7778042660776852967_n.jpg 653w, https:\/\/bocskai11.hu\/wp-content\/uploads\/2024\/08\/454002107_980844717171949_7778042660776852967_n-191x300.jpg 191w\" sizes=\"(max-width: 653px) 100vw, 653px\" \/><\/figure><div class=\"wp-block-media-text__content\">\n<p>Nagyon b\u00fcszk\u00e9k vagyunk iskol\u00e1nk volt n\u00f6vend\u00e9k\u00e9re Nagy D\u00e1vidra, akinek a v\u00edv\u00f3 p\u00e1lyafut\u00e1sa a Bocskaiban kezd\u0151d\u00f6tt.<img decoding=\"async\" height=\"16\" width=\"16\" alt=\"\ud83e\udd3a\" src=\"https:\/\/static.xx.fbcdn.net\/images\/emoji.php\/v9\/t1f\/1\/16\/1f93a.png\">Nevel\u0151test\u00fclet\u00fcnk tagja Halla P\u00e9ter mesteredz\u0151, els\u0151 oszt\u00e1lyos kora \u00f3ta foglalkozik D\u00e1viddal!<br>Ez\u00faton is sz\u00edvb\u0151l gratul\u00e1lunk mindkett\u0151j\u00fcknek!<img loading=\"lazy\" decoding=\"async\" height=\"16\" width=\"16\" alt=\"\ud83d\udc4f\ud83c\udffb\" src=\"https:\/\/static.xx.fbcdn.net\/images\/emoji.php\/v9\/tf9\/1\/16\/1f44f_1f3fb.png\"><img loading=\"lazy\" decoding=\"async\" height=\"16\" width=\"16\" alt=\"\ud83e\udd47\" src=\"https:\/\/static.xx.fbcdn.net\/images\/emoji.php\/v9\/t94\/1\/16\/1f947.png\"><\/p>\n<\/div><\/div>\n\n\n<figure class=\"wp-block-image\"><img alt=\"\" \/><\/figure>\n<figure class=\"wp-block-image\"><img alt=\"\" \/><\/figure>\n<h3><strong style=\"font-size: revert; color: #686868;\">V\u00edv\u00e1s a Bocskaiban<\/strong><\/h3>\n<div align=\"justify\">\n<p>Kev\u00e9s olyan sport\u00e1g van az olimpiai mozgalom t\u00f6rt\u00e9net\u00e9ben, ami az \u00fajkori j\u00e1t\u00e9kok kezdet\u00e9t\u0151l programon tudott maradni. E n\u00e9h\u00e1ny sport\u00e1g egyike a v\u00edv\u00e1s. Olimpikonjaink k\u00f6z\u00fcl \u00f6sszess\u00e9g\u00e9ben a v\u00edv\u00f3k a szerezt\u00e9k a legt\u00f6bb olimpiai bajnoki c\u00edmet \u00e9s a legt\u00f6bb \u00e9rmet.<\/p>\n<p>E sport\u00e1g ut\u00e1np\u00f3tl\u00e1s nevel\u00e9s\u00e9t v\u00e1llalta fel a Bocskai Istv\u00e1n \u00c1ltal\u00e1nos Iskola 2005\/2006-os tan\u00e9vkezd\u00e9ssel. Abban az id\u0151ben az els\u0151 iskola volt ahol az als\u00f3 tagozatos di\u00e1kok \u00f3rarendbe illesztve is tanult\u00e1k a v\u00edv\u00e1s alapjait \u00e9s ilyen form\u00e1ban az\u00f3ta is sikeresen folyik a v\u00edv\u00e1soktat\u00e1s.A kezdet nem volt k\u00f6nny\u0171, mert a null\u00e1r\u00f3l kellett indulni. A m\u0171k\u00f6d\u00e9shez sz\u00fcks\u00e9ges t\u00e1rgyi \u00e9s anyagi felt\u00e9telek k\u00f6z\u00fcl csak a tornaterem volt adott. Az iskol\u00e1ban, s\u0151t az eg\u00e9sz ker\u00fcletben nem volt hagyom\u00e1nya ennek a sport\u00e1gnak. Lassan \u00e9s fokozatosan tudtuk megismertetni, n\u00e9pszer\u0171s\u00edteni, egyben megszerettetni a v\u00edv\u00e1st a gyerekekkel \u00e9s nem utols\u00f3 sorban a sz\u00fcl\u0151kkel. Ez a fokozatoss\u00e1g most is folyamatban van. Jelenleg ott tartunk, hogy az iskola saj\u00e1t v\u00edv\u00f3teremmel rendelkezik, saj\u00e1t er\u0151b\u0151l kigazd\u00e1lkodva \u00e9s kialak\u00edtva.<\/p>\n<p><img loading=\"lazy\" decoding=\"async\" class=\"alignleft\" title=\"vivas03.jpg\" src=\"http:\/\/kepek.bocskai11.hu\/vivas03.jpg\" alt=\"vivas03.jpg\" width=\"213\" height=\"160\" \/>A terem nem nagy, de n\u00e9gy be\u00e9p\u00edtett p\u00e1ston tudnak az iskola v\u00edv\u00f3i gyakorolni \u00e9s alkalmas arra, hogy egy hangulatos ut\u00e1np\u00f3tl\u00e1s nevel\u0151 m\u0171helly\u00e9 v\u00e1ljon, melynek els\u0151 jelei m\u00e1r az orsz\u00e1gos versenyeken el\u00e9rt eredm\u00e9nyekben mutatkoznak. Nagyon nagy seg\u00edts\u00e9g a fejl\u0151d\u00e9shez, hogy felszerel\u00e9st is (ruh\u00e1t, sisakot, keszty\u0171t h\u00f3naljv\u00e9d\u0151t, mellv\u00e9d\u0151t, testvezet\u00e9ket \u00e9s fegyvert) tudunk biztos\u00edtani a gyerekek sz\u00e1m\u00e1ra.<\/p>\n<p><strong>Gyerekek v\u00e9lem\u00e9nye a v\u00edv\u00e1sr\u00f3l.<\/strong><\/p>\n<p>\u201e\u00c9n szeretem a v\u00edv\u00e1st, mert a v\u00edv\u00e1s megtan\u00edt koncentr\u00e1lni \u00e9s figyelni. Ehhez a sporthoz gyors reflex, gyorsas\u00e1g \u00e9s figyelem sz\u00fcks\u00e9ges.\u201d<\/p>\n<p>\u201e\u00c9n szeretem a v\u00edv\u00e1st. Szeretek edzeni. A kedvenc sportom a v\u00edv\u00e1s. Szeretek eredm\u00e9nyeket el\u00e9rni. Sokat kell gyakorolni, hogy igazi v\u00edv\u00f3 legyen bel\u0151l\u00fcnk.\u201d<\/p>\n<p>\u201eNagyon szeretem a v\u00edv\u00e1st j\u00f3 sport \u00e9s lefoglal. M\u00e1r a v\u00e9d\u00e9seket is j\u00f3 volt megtanulni.\u201d<\/p>\n<p>\u201eNekem a v\u00edv\u00e1s a +v\u00edv\u00e1s nagyon tetszik. A bemeleg\u00edt\u00e9sen m\u00e9g szeretek a sz\u00far\u00f3p\u00e1rn\u00e1val v\u00edvni. \u00c9s m\u00e9g nagyon szeretek a gumi t\u0151rrel v\u00edvni. \u00c9s szeretem n\u00e9zegetni azokat a k\u00e9peket, amik a v\u00edv\u00f3terem mellett vannak.\u201d<\/p>\n<p>\u201eA v\u00edv\u00e1st az\u00e9rt szeretem, mert j\u00f3 sport \u00e9s a tan\u00e1r is kedves. Futni is szeretek \u00e9s eg\u00e9szs\u00e9ges sport.\u00a0 \u201eA v\u00edv\u00e1s az\u00e9rt j\u00f3 mert szeretek eredm\u00e9nyt el\u00e9rni. De csak az\u00e9rt tudok eredm\u00e9nyt el\u00e9rni, mert P\u00e9ter b\u00e1csi j\u00f3l tan\u00edt.\u201d<\/p>\n<p><img loading=\"lazy\" decoding=\"async\" class=\"alignleft\" title=\"vivas05.jpg\" src=\"http:\/\/kepek.bocskai11.hu\/vivas05.jpg\" alt=\"vivas05.jpg\" width=\"213\" height=\"136\" \/> \u201eA v\u00edv\u00e1s egy gy\u00f6ny\u00f6r\u0171 sport, mert gondolkod\u00e1s \u00e9s a gyorsas\u00e1g sportja. Sok gyakorl\u00e1st ig\u00e9nyel, mert nem mindennapi mozdulatok vannak benne.\u201d<\/p>\n<p>\u201e\u00c9n szeretem a v\u00edv\u00e1st, mert \u00e9rtelmes sportolni egy-k\u00e9t \u00f3r\u00e1t hetente k\u00e9tszer. \u201eSzeretem a t\u00e1rsaimat, akikkel v\u00edvok. Szeretem a versenyeket. Nem szeretn\u00e9m abbahagyni a v\u00edv\u00e1st \u00e9s nem is fogom. Szeretem P\u00e9ter b\u00e1csit, \u00e9s ha leszid, akkor is.\u201d<\/p>\n<p>\u201eEr\u0151s\u00edti a csapatszellemet. Nem csak fizikailag, de szellemileg is edz minket. Fejleszti a koncentr\u00e1ci\u00f3s k\u00e9pess\u00e9g\u00fcnket, ez\u00e1ltal tanulm\u00e1nyaink is javulnak!\u201d<\/p>\n<\/div>","protected":false},"excerpt":{"rendered":"<p>V\u00edv\u00e1s: Az orsz\u00e1gban els\u0151k\u00e9nt a Magyar V\u00edv\u00f3sz\u00f6vets\u00e9g ut\u00e1np\u00f3tl\u00e1s b\u00e1zisiskol\u00e1ja vagyunk, \u00edgy minden als\u00f3 tagozatos di\u00e1kunk tan\u00f3rai foglalkoz\u00e1s keret\u00e9ben v\u00edv\u00e1soktat\u00e1sban r\u00e9szes\u00fcl. Fels\u0151seink d\u00e9lut\u00e1nonk\u00e9nt ismerkedhetnek a v\u00edv\u00e1s&hellip;<\/p>\n","protected":false},"author":1,"featured_media":0,"parent":0,"menu_order":0,"comment_status":"closed","ping_status":"closed","template":"","meta":{"footnotes":""},"class_list":["post-236","page","type-page","status-publish","hentry"],"_links":{"self":[{"href":"https:\/\/bocskai11.hu\/index.php\/wp-json\/wp\/v2\/pages\/236","targetHints":{"allow":["GET"]}}],"collection":[{"href":"https:\/\/bocskai11.hu\/index.php\/wp-json\/wp\/v2\/pages"}],"about":[{"href":"https:\/\/bocskai11.hu\/index.php\/wp-json\/wp\/v2\/types\/page"}],"author":[{"embeddable":true,"href":"https:\/\/bocskai11.hu\/index.php\/wp-json\/wp\/v2\/users\/1"}],"replies":[{"embeddable":true,"href":"https:\/\/bocskai11.hu\/index.php\/wp-json\/wp\/v2\/comments?post=236"}],"version-history":[{"count":12,"href":"https:\/\/bocskai11.hu\/index.php\/wp-json\/wp\/v2\/pages\/236\/revisions"}],"predecessor-version":[{"id":2621,"href":"https:\/\/bocskai11.hu\/index.php\/wp-json\/wp\/v2\/pages\/236\/revisions\/2621"}],"wp:attachment":[{"href":"https:\/\/bocskai11.hu\/index.php\/wp-json\/wp\/v2\/media?parent=236"}],"curies":[{"name":"wp","href":"https:\/\/api.w.org\/{rel}","templated":true}]}}