{"id":248,"date":"2020-12-03T15:48:25","date_gmt":"2020-12-03T14:48:25","guid":{"rendered":"https:\/\/bocskai11.hu\/?page_id=248"},"modified":"2020-12-28T14:17:02","modified_gmt":"2020-12-28T13:17:02","slug":"efqm","status":"publish","type":"page","link":"https:\/\/bocskai11.hu\/index.php\/efqm\/","title":{"rendered":"EFQM"},"content":{"rendered":"<h1>Iskol\u00e1nkr\u00f3l\/Profil, c\u00e9lok\/EFQM<\/h1>\n<div align=\"justify\">\n<p>&nbsp;<\/p>\n<p><img decoding=\"async\" class=\"alignleft\" title=\"efqm_dij.JPG\" src=\"http:\/\/kepek.bocskai11.hu\/efqm_dij.JPG\" alt=\"efqm_dij.JPG\" width=\"232\" height=\"173\" \/>A Bocskai Istv\u00e1n \u00c1ltal\u00e1nos Iskola sikerrel vett r\u00e9szt egy eur\u00f3pai min\u0151s\u00e9gi p\u00e1ly\u00e1zaton. Az <strong>EFQM Kiv\u00e1l\u00f3s\u00e1g D\u00edj Eur\u00f3pa egyik legrangosabb d\u00edja<\/strong>, amely nem a term\u00e9k vagy szolg\u00e1ltat\u00e1s min\u0151s\u00e9g\u00e9t, hanem az eg\u00e9sz szervezet tev\u00e9kenys\u00e9g\u00e9nek \u00e9s m\u0171k\u00f6d\u00e9s\u00e9nek kiv\u00e1l\u00f3s\u00e1g\u00e1t d\u00edjazza, a\u00a0 szervezeti kiv\u00e1l\u00f3s\u00e1g\u00e9rt adhat\u00f3.<\/p>\n<p>Az EFQM Eur\u00f3pa-szerte partnerkapcsolatot alak\u00edtott ki hasonl\u00f3 tev\u00e9kenys\u00e9get folytat\u00f3 nemzeti szervezetekkel, azzal a c\u00e9llal, hogy seg\u00edtse \u00e9s t\u00e1mogassa a szervezeti kiv\u00e1l\u00f3s\u00e1g ir\u00e1ny\u00e1ba tett er\u0151fesz\u00edt\u00e9seket, a tart\u00f3s siker el\u00e9r\u00e9s\u00e9t \u00e9s fenntart\u00e1s\u00e1t.<\/p>\n<p>Az \u201eElk\u00f6telezetts\u00e9g a Kiv\u00e1l\u00f3s\u00e1g\u00e9rt\u201d p\u00e1ly\u00e1zat egy eszk\u00f6z azon szervezetek sz\u00e1m\u00e1ra, amelyek fejleszt\u00e9si projektek megval\u00f3s\u00edt\u00e1s\u00e1val k\u00e9szek elindulni a szervezeti Kiv\u00e1l\u00f3s\u00e1g \u00fatj\u00e1n.<\/p>\n<p class=\"szoveg\">A kiv\u00e1l\u00f3s\u00e1gra t\u00f6rekv\u0151 szervezetek folyamatosan tanulnak, saj\u00e1t \u00e9s m\u00e1sok tev\u00e9kenys\u00e9geib\u0151l \u00e9s teljes\u00edtm\u00e9ny\u00e9b\u0151l, eredm\u00e9nyeib\u0151l. \u00d6sszegy\u0171jtik, majd megosztj\u00e1k dolgoz\u00f3ik tud\u00e1s\u00e1t, ez\u00e1ltal el\u0151mozd\u00edtva a szervezet folyamatos bels\u0151 tanul\u00e1s\u00e1t. Az ilyen szervezetet nyitotts\u00e1g jellemzi az \u00e9rintettek \u00f6tleteinek, javaslatainak befogad\u00e1s\u00e1ra \u00e9s megval\u00f3s\u00edt\u00e1s\u00e1ra is.<\/p>\n<p class=\"szoveg\"><img decoding=\"async\" class=\"alignleft\" title=\"Image00001_4.jpg\" src=\"http:\/\/kepek.bocskai11.hu\/Image00001_4.jpg\" alt=\"Image00001_4.jpg\" width=\"232\" height=\"174\" \/>A kiv\u00e1l\u00f3s\u00e1gra t\u00f6rekv\u0151 szervezeteket agilit\u00e1s, rugalmass\u00e1g \u00e9s gyors reag\u00e1l\u00f3 k\u00e9pess\u00e9g jellemzi, hiszen az \u00e9rintettek ig\u00e9nyei \u00e9s elv\u00e1r\u00e1sai folyamatosan \u00e9s gyakran igen gyorsan v\u00e1ltoznak. Az ilyen szervezetek m\u00e9rik az \u00e9rintettek ig\u00e9nyeit \u00e9s elv\u00e1r\u00e1sait, felismerik sz\u00fcks\u00e9gleteiket, odafigyelnek a v\u00e9lem\u00e9ny\u00fckre, valamint figyelemmel k\u00eds\u00e9rik \u00e9s elemzik m\u00e1s szervezetek teljes\u00edtm\u00e9ny\u00e9t is. Ezeket az inform\u00e1ci\u00f3kat azt\u00e1n felhaszn\u00e1lj\u00e1k a szervezet r\u00f6vid-, k\u00f6z\u00e9p- \u00e9s hossz\u00fat\u00e1vra sz\u00f3l\u00f3 szakmapolitik\u00e1inak, strat\u00e9gi\u00e1inak, terveinek \u00e9s c\u00e9ljainak kialak\u00edt\u00e1s\u00e1ban, megval\u00f3s\u00edt\u00e1s\u00e1ban \u00e9s fel\u00fclvizsg\u00e1lat\u00e1ban.<\/p>\n<p>A mi c\u00e9lunk a Bocskai folyamatainak jav\u00edt\u00e1sa, a k\u00f6z\u00f6ss\u00e9g tov\u00e1bbfejleszt\u00e9se. Egy olyan hely, ahol j\u00f3 tanulni, ahol j\u00f3 dolgozni. \u00d6sszefog\u00e1ssal, k\u00f6z\u00f6s munk\u00e1val k\u00e9pesek vagyunk r\u00e1, hogy el\u00e9rj\u00fck c\u00e9ljainkat.<\/p>\n<p>A p\u00e1ly\u00e1zat kapcs\u00e1n lehet\u0151s\u00e9g\u00fcnk ny\u00edlt arra, hogy mi hat\u00e1rozzuk meg folyamatainkat, szinte f\u00fcggetlen\u00fcl k\u00fcls\u0151 felt\u00e9telekt\u0151l. Kev\u00e9s alkalom ny\u00edlik az emberek \u00e9let\u00e9ben, hogy a maguk kez\u00e9be vegy\u00e9k az ir\u00e1ny\u00edt\u00e1st.<\/p>\n<p><img decoding=\"async\" class=\"alignleft\" title=\"logo_efqm.JPG\" src=\"http:\/\/kepek.bocskai11.hu\/logo_efqm.JPG\" alt=\"logo_efqm.JPG\" width=\"230\" height=\"110\" \/><\/p>\n<p>Sikerrel vett\u00fcnk r\u00e9szt a p\u00e1ly\u00e1zaton \u00e9s elnyert\u00fck az EFQM-min\u0151s\u00edt\u00e9st, mellyel kilenc \u00e1ltal\u00e1nos iskola rendelkezik Magyarorsz\u00e1gon. Eredm\u00e9nyeinket jelzi, hogy a k\u00f6vetkez\u0151 EFQM1 p\u00e1ly\u00e1zati folyamatban m\u00e1r mentorint\u00e9zm\u00e9nyk\u00e9nt vett\u00fcnk r\u00e9szt.<\/p>\n<p>&nbsp;<\/p>\n<\/div>\n<p>&nbsp;<\/p>\n<p><img loading=\"lazy\" decoding=\"async\" class=\"wp-image-314 alignleft\" src=\"https:\/\/bocskai11.hu\/wp-content\/uploads\/2020\/12\/logo-efqm2-300x242.jpg\" alt=\"\" width=\"229\" height=\"185\" srcset=\"https:\/\/bocskai11.hu\/wp-content\/uploads\/2020\/12\/logo-efqm2-300x242.jpg 300w, https:\/\/bocskai11.hu\/wp-content\/uploads\/2020\/12\/logo-efqm2-768x619.jpg 768w, https:\/\/bocskai11.hu\/wp-content\/uploads\/2020\/12\/logo-efqm2.jpg 924w\" sizes=\"(max-width: 229px) 100vw, 229px\" \/><\/p>\n<p>&nbsp;<\/p>\n<p>A Bocskai az elm\u00falt \u00e9vek sor\u00e1n olyan bels\u0151 szervezeti fejleszt\u00e9seket hajtott v\u00e9gre a saj\u00e1t kiv\u00e1l\u00f3s\u00e1g programja sor\u00e1n, amelyek meger\u0151s\u00edtett\u00e9k a munkat\u00e1rsi kollekt\u00edva elk\u00f6telezetts\u00e9g\u00e9t a munkahely\u00fck ir\u00e1nt, b\u00e1tor\u00edtotta \u0151ket arra, hogy saj\u00e1t maguk is legyenek kezdem\u00e9nyez\u0151k a munkahely\u00fck, munkafelt\u00e9teleik fejleszt\u00e9se \u00e9rdek\u00e9ben. Azon t\u00fal, hogy a szervezet munkamor\u00e1lja, kult\u00far\u00e1ja pozit\u00edv ir\u00e1nyban v\u00e1ltozott, a tev\u00e9kenys\u00e9g\u00fck szakmai sz\u00ednvonala is egyre magasabb lett ez \u00e1ltal. Elmondhat\u00f3, hogy a szervezet fejl\u0151d\u00e9se pozit\u00edv hat\u00e1ssal van a munkat\u00e1rsakon t\u00fal a vel\u00fck kapcsolatban \u00e1ll\u00f3 gyerekekre, sz\u00fcl\u0151kre, dolgoz\u00f3kra.<\/p>\n<p>A 2019-es auditot k\u00f6vet\u0151en jelenleg a Bocskai az egyetlen iskola, amelyik elnyerte az EFQM2 min\u0151s\u00edt\u00e9st.<\/p>\n","protected":false},"excerpt":{"rendered":"<p>Iskol\u00e1nkr\u00f3l\/Profil, c\u00e9lok\/EFQM &nbsp; A Bocskai Istv\u00e1n \u00c1ltal\u00e1nos Iskola sikerrel vett r\u00e9szt egy eur\u00f3pai min\u0151s\u00e9gi p\u00e1ly\u00e1zaton. Az EFQM Kiv\u00e1l\u00f3s\u00e1g D\u00edj Eur\u00f3pa egyik legrangosabb d\u00edja, amely nem&hellip;<\/p>\n","protected":false},"author":1,"featured_media":0,"parent":0,"menu_order":0,"comment_status":"closed","ping_status":"closed","template":"","meta":{"footnotes":""},"class_list":["post-248","page","type-page","status-publish","hentry"],"_links":{"self":[{"href":"https:\/\/bocskai11.hu\/index.php\/wp-json\/wp\/v2\/pages\/248","targetHints":{"allow":["GET"]}}],"collection":[{"href":"https:\/\/bocskai11.hu\/index.php\/wp-json\/wp\/v2\/pages"}],"about":[{"href":"https:\/\/bocskai11.hu\/index.php\/wp-json\/wp\/v2\/types\/page"}],"author":[{"embeddable":true,"href":"https:\/\/bocskai11.hu\/index.php\/wp-json\/wp\/v2\/users\/1"}],"replies":[{"embeddable":true,"href":"https:\/\/bocskai11.hu\/index.php\/wp-json\/wp\/v2\/comments?post=248"}],"version-history":[{"count":7,"href":"https:\/\/bocskai11.hu\/index.php\/wp-json\/wp\/v2\/pages\/248\/revisions"}],"predecessor-version":[{"id":312,"href":"https:\/\/bocskai11.hu\/index.php\/wp-json\/wp\/v2\/pages\/248\/revisions\/312"}],"wp:attachment":[{"href":"https:\/\/bocskai11.hu\/index.php\/wp-json\/wp\/v2\/media?parent=248"}],"curies":[{"name":"wp","href":"https:\/\/api.w.org\/{rel}","templated":true}]}}