{"id":2887,"date":"2025-01-09T18:45:48","date_gmt":"2025-01-09T17:45:48","guid":{"rendered":"https:\/\/bocskai11.hu\/?page_id=2887"},"modified":"2025-01-09T18:45:48","modified_gmt":"2025-01-09T17:45:48","slug":"robotika","status":"publish","type":"page","link":"https:\/\/bocskai11.hu\/index.php\/robotika\/","title":{"rendered":"Robotika"},"content":{"rendered":"\n<p><strong>Tanulj j\u00e1tszva Bee-Botokkal a Bocskais&nbsp;robotika szakk\u00f6r\u00f6n!<\/strong>&nbsp;<img decoding=\"async\" alt=\"\ud83c\udf89\" src=\"https:\/\/fonts.gstatic.com\/s\/e\/notoemoji\/16.0\/1f389\/72.png\"><\/p>\n\n\n\n<p><img decoding=\"async\" alt=\"\u2705\" src=\"https:\/\/fonts.gstatic.com\/s\/e\/notoemoji\/16.0\/2705\/72.png\">&nbsp;<em>J\u00e1t\u00e9kos tanul\u00e1s<\/em>: Programoz\u00e1si alapok \u00e9s logikai gondolkod\u00e1s fejleszt\u00e9se.<br><img decoding=\"async\" alt=\"\u2705\" src=\"https:\/\/fonts.gstatic.com\/s\/e\/notoemoji\/16.0\/2705\/72.png\">&nbsp;<em>Kreat\u00edv lehet\u0151s\u00e9gek<\/em>: Tervezhetsz saj\u00e1t p\u00e1ly\u00e1kat, k\u00e9sz\u00edthetsz t\u00f6rt\u00e9neteket \u00e9s fedezd fel a vil\u00e1got robotok seg\u00edts\u00e9g\u00e9vel!<br><strong>Az als\u00f3 tagozatosokn\u00e1l haszn\u00e1lt&nbsp;<\/strong>&nbsp;Bee-Bot robotcsal\u00e1d a k\u00e9pess\u00e9gfejleszt\u00e9st \u00e9s az informatik\u00e1t \u00f6tv\u00f6zi sz\u00f3rakoztat\u00f3 m\u00f3don, mik\u00f6zben t\u00e1mogatja a NAT kompetenci\u00e1it:<\/p>\n\n\n\n<p><img decoding=\"async\" alt=\"\ud83e\uddee\" src=\"https:\/\/fonts.gstatic.com\/s\/e\/notoemoji\/16.0\/1f9ee\/72.png\">&nbsp;<em>Matematikai kompetencia<\/em><br><img decoding=\"async\" alt=\"\ud83c\udf10\" src=\"https:\/\/fonts.gstatic.com\/s\/e\/notoemoji\/16.0\/1f310\/72.png\">&nbsp;<em>Digit\u00e1lis k\u00e9szs\u00e9gek<\/em><br><img decoding=\"async\" alt=\"\ud83e\udd1d\" src=\"https:\/\/fonts.gstatic.com\/s\/e\/notoemoji\/16.0\/1f91d\/72.png\">&nbsp;<em>Egy\u00fcttm\u0171k\u00f6d\u00e9s<\/em><br><img decoding=\"async\" alt=\"\ud83d\udcda\" src=\"https:\/\/fonts.gstatic.com\/s\/e\/notoemoji\/16.0\/1f4da\/72.png\">&nbsp;<em>Sz\u00f6veg\u00e9rt\u00e9s \u00e9s kommunik\u00e1ci\u00f3<\/em><\/p>\n\n\n\n<p><img decoding=\"async\" alt=\"\ud83d\ude80\" src=\"https:\/\/fonts.gstatic.com\/s\/e\/notoemoji\/16.0\/1f680\/72.png\">&nbsp;<strong>\u00c9lvezd az \u00faj gener\u00e1ci\u00f3s tanul\u00e1si \u00e9lm\u00e9nyt!<\/strong><br>Legyen sz\u00f3 csoportmunk\u00e1r\u00f3l, p\u00e1ros feladatokr\u00f3l vagy projektalap\u00fa oktat\u00e1sr\u00f3l, a Bee-Bot robotok minden helyzetben t\u00f6k\u00e9letes t\u00e1rsak!<\/p>\n\n\n\n<figure class=\"wp-block-gallery has-nested-images columns-default is-cropped wp-block-gallery-1 is-layout-flex wp-block-gallery-is-layout-flex\">\n<figure class=\"wp-block-image size-large\"><img fetchpriority=\"high\" decoding=\"async\" width=\"768\" height=\"1024\" data-id=\"2892\" src=\"https:\/\/bocskai11.hu\/wp-content\/uploads\/2025\/01\/IMG_4899-768x1024.jpeg\" alt=\"\" class=\"wp-image-2892\" srcset=\"https:\/\/bocskai11.hu\/wp-content\/uploads\/2025\/01\/IMG_4899-768x1024.jpeg 768w, https:\/\/bocskai11.hu\/wp-content\/uploads\/2025\/01\/IMG_4899-225x300.jpeg 225w, https:\/\/bocskai11.hu\/wp-content\/uploads\/2025\/01\/IMG_4899-1152x1536.jpeg 1152w, https:\/\/bocskai11.hu\/wp-content\/uploads\/2025\/01\/IMG_4899-1536x2048.jpeg 1536w, https:\/\/bocskai11.hu\/wp-content\/uploads\/2025\/01\/IMG_4899-scaled.jpeg 1920w\" sizes=\"(max-width: 768px) 100vw, 768px\" \/><\/figure>\n\n\n\n<figure class=\"wp-block-image size-large\"><img decoding=\"async\" width=\"768\" height=\"1024\" data-id=\"2891\" src=\"https:\/\/bocskai11.hu\/wp-content\/uploads\/2025\/01\/IMG_4902-768x1024.jpeg\" alt=\"\" class=\"wp-image-2891\" srcset=\"https:\/\/bocskai11.hu\/wp-content\/uploads\/2025\/01\/IMG_4902-768x1024.jpeg 768w, https:\/\/bocskai11.hu\/wp-content\/uploads\/2025\/01\/IMG_4902-225x300.jpeg 225w, https:\/\/bocskai11.hu\/wp-content\/uploads\/2025\/01\/IMG_4902-1152x1536.jpeg 1152w, https:\/\/bocskai11.hu\/wp-content\/uploads\/2025\/01\/IMG_4902-1536x2048.jpeg 1536w, https:\/\/bocskai11.hu\/wp-content\/uploads\/2025\/01\/IMG_4902-scaled.jpeg 1920w\" sizes=\"(max-width: 768px) 100vw, 768px\" \/><\/figure>\n\n\n\n<figure class=\"wp-block-image size-large\"><img decoding=\"async\" width=\"768\" height=\"1024\" data-id=\"2889\" src=\"https:\/\/bocskai11.hu\/wp-content\/uploads\/2025\/01\/IMG_4900-768x1024.jpeg\" alt=\"\" class=\"wp-image-2889\" srcset=\"https:\/\/bocskai11.hu\/wp-content\/uploads\/2025\/01\/IMG_4900-768x1024.jpeg 768w, https:\/\/bocskai11.hu\/wp-content\/uploads\/2025\/01\/IMG_4900-225x300.jpeg 225w, https:\/\/bocskai11.hu\/wp-content\/uploads\/2025\/01\/IMG_4900-1152x1536.jpeg 1152w, https:\/\/bocskai11.hu\/wp-content\/uploads\/2025\/01\/IMG_4900-1536x2048.jpeg 1536w, https:\/\/bocskai11.hu\/wp-content\/uploads\/2025\/01\/IMG_4900-scaled.jpeg 1920w\" sizes=\"(max-width: 768px) 100vw, 768px\" \/><\/figure>\n\n\n\n<figure class=\"wp-block-image size-large\"><img loading=\"lazy\" decoding=\"async\" width=\"768\" height=\"1024\" data-id=\"2890\" src=\"https:\/\/bocskai11.hu\/wp-content\/uploads\/2025\/01\/IMG_4898-768x1024.jpeg\" alt=\"\" class=\"wp-image-2890\" srcset=\"https:\/\/bocskai11.hu\/wp-content\/uploads\/2025\/01\/IMG_4898-768x1024.jpeg 768w, https:\/\/bocskai11.hu\/wp-content\/uploads\/2025\/01\/IMG_4898-225x300.jpeg 225w, https:\/\/bocskai11.hu\/wp-content\/uploads\/2025\/01\/IMG_4898-1152x1536.jpeg 1152w, https:\/\/bocskai11.hu\/wp-content\/uploads\/2025\/01\/IMG_4898-1536x2048.jpeg 1536w, https:\/\/bocskai11.hu\/wp-content\/uploads\/2025\/01\/IMG_4898-scaled.jpeg 1920w\" sizes=\"(max-width: 768px) 100vw, 768px\" \/><\/figure>\n\n\n\n<figure class=\"wp-block-image size-large\"><img loading=\"lazy\" decoding=\"async\" width=\"866\" height=\"1024\" data-id=\"2888\" src=\"https:\/\/bocskai11.hu\/wp-content\/uploads\/2025\/01\/IMG_4906-866x1024.jpeg\" alt=\"\" class=\"wp-image-2888\" srcset=\"https:\/\/bocskai11.hu\/wp-content\/uploads\/2025\/01\/IMG_4906-866x1024.jpeg 866w, https:\/\/bocskai11.hu\/wp-content\/uploads\/2025\/01\/IMG_4906-254x300.jpeg 254w, https:\/\/bocskai11.hu\/wp-content\/uploads\/2025\/01\/IMG_4906-768x908.jpeg 768w, https:\/\/bocskai11.hu\/wp-content\/uploads\/2025\/01\/IMG_4906-1300x1536.jpeg 1300w, https:\/\/bocskai11.hu\/wp-content\/uploads\/2025\/01\/IMG_4906.jpeg 1435w\" sizes=\"(max-width: 866px) 100vw, 866px\" \/><\/figure>\n<\/figure>\n","protected":false},"excerpt":{"rendered":"<p>Tanulj j\u00e1tszva Bee-Botokkal a Bocskais&nbsp;robotika szakk\u00f6r\u00f6n!&nbsp; &nbsp;J\u00e1t\u00e9kos tanul\u00e1s: Programoz\u00e1si alapok \u00e9s logikai gondolkod\u00e1s fejleszt\u00e9se.&nbsp;Kreat\u00edv lehet\u0151s\u00e9gek: Tervezhetsz saj\u00e1t p\u00e1ly\u00e1kat, k\u00e9sz\u00edthetsz t\u00f6rt\u00e9neteket \u00e9s fedezd fel a vil\u00e1got&hellip;<\/p>\n","protected":false},"author":1,"featured_media":0,"parent":0,"menu_order":0,"comment_status":"closed","ping_status":"closed","template":"","meta":{"footnotes":""},"class_list":["post-2887","page","type-page","status-publish","hentry"],"_links":{"self":[{"href":"https:\/\/bocskai11.hu\/index.php\/wp-json\/wp\/v2\/pages\/2887","targetHints":{"allow":["GET"]}}],"collection":[{"href":"https:\/\/bocskai11.hu\/index.php\/wp-json\/wp\/v2\/pages"}],"about":[{"href":"https:\/\/bocskai11.hu\/index.php\/wp-json\/wp\/v2\/types\/page"}],"author":[{"embeddable":true,"href":"https:\/\/bocskai11.hu\/index.php\/wp-json\/wp\/v2\/users\/1"}],"replies":[{"embeddable":true,"href":"https:\/\/bocskai11.hu\/index.php\/wp-json\/wp\/v2\/comments?post=2887"}],"version-history":[{"count":1,"href":"https:\/\/bocskai11.hu\/index.php\/wp-json\/wp\/v2\/pages\/2887\/revisions"}],"predecessor-version":[{"id":2894,"href":"https:\/\/bocskai11.hu\/index.php\/wp-json\/wp\/v2\/pages\/2887\/revisions\/2894"}],"wp:attachment":[{"href":"https:\/\/bocskai11.hu\/index.php\/wp-json\/wp\/v2\/media?parent=2887"}],"curies":[{"name":"wp","href":"https:\/\/api.w.org\/{rel}","templated":true}]}}