{"id":3058,"date":"2025-10-27T10:18:10","date_gmt":"2025-10-27T09:18:10","guid":{"rendered":"https:\/\/bocskai11.hu\/?page_id=3058"},"modified":"2025-11-07T21:45:40","modified_gmt":"2025-11-07T20:45:40","slug":"iskolaelokeszito","status":"publish","type":"page","link":"https:\/\/bocskai11.hu\/index.php\/iskolaelokeszito\/","title":{"rendered":"Iskolael\u0151k\u00e9sz\u00edt\u0151"},"content":{"rendered":"\n<figure class=\"wp-block-image size-large\"><img fetchpriority=\"high\" decoding=\"async\" width=\"724\" height=\"1024\" src=\"https:\/\/bocskai11.hu\/wp-content\/uploads\/2025\/11\/ISKOLAELOKESZITO-1-724x1024.jpg\" alt=\"\" class=\"wp-image-3066\" srcset=\"https:\/\/bocskai11.hu\/wp-content\/uploads\/2025\/11\/ISKOLAELOKESZITO-1-724x1024.jpg 724w, https:\/\/bocskai11.hu\/wp-content\/uploads\/2025\/11\/ISKOLAELOKESZITO-1-212x300.jpg 212w, https:\/\/bocskai11.hu\/wp-content\/uploads\/2025\/11\/ISKOLAELOKESZITO-1-768x1086.jpg 768w, https:\/\/bocskai11.hu\/wp-content\/uploads\/2025\/11\/ISKOLAELOKESZITO-1-1086x1536.jpg 1086w, https:\/\/bocskai11.hu\/wp-content\/uploads\/2025\/11\/ISKOLAELOKESZITO-1.jpg 1414w\" sizes=\"(max-width: 724px) 100vw, 724px\" \/><\/figure>\n","protected":false},"excerpt":{"rendered":"","protected":false},"author":1,"featured_media":0,"parent":0,"menu_order":0,"comment_status":"closed","ping_status":"closed","template":"","meta":{"footnotes":""},"class_list":["post-3058","page","type-page","status-publish","hentry"],"_links":{"self":[{"href":"https:\/\/bocskai11.hu\/index.php\/wp-json\/wp\/v2\/pages\/3058","targetHints":{"allow":["GET"]}}],"collection":[{"href":"https:\/\/bocskai11.hu\/index.php\/wp-json\/wp\/v2\/pages"}],"about":[{"href":"https:\/\/bocskai11.hu\/index.php\/wp-json\/wp\/v2\/types\/page"}],"author":[{"embeddable":true,"href":"https:\/\/bocskai11.hu\/index.php\/wp-json\/wp\/v2\/users\/1"}],"replies":[{"embeddable":true,"href":"https:\/\/bocskai11.hu\/index.php\/wp-json\/wp\/v2\/comments?post=3058"}],"version-history":[{"count":2,"href":"https:\/\/bocskai11.hu\/index.php\/wp-json\/wp\/v2\/pages\/3058\/revisions"}],"predecessor-version":[{"id":3067,"href":"https:\/\/bocskai11.hu\/index.php\/wp-json\/wp\/v2\/pages\/3058\/revisions\/3067"}],"wp:attachment":[{"href":"https:\/\/bocskai11.hu\/index.php\/wp-json\/wp\/v2\/media?parent=3058"}],"curies":[{"name":"wp","href":"https:\/\/api.w.org\/{rel}","templated":true}]}}