{"id":48,"date":"2020-12-02T18:24:35","date_gmt":"2020-12-02T17:24:35","guid":{"rendered":"https:\/\/bocskai11.hu\/?page_id=48"},"modified":"2023-11-09T17:07:21","modified_gmt":"2023-11-09T16:07:21","slug":"iskolankrol","status":"publish","type":"page","link":"https:\/\/bocskai11.hu\/index.php\/iskolankrol\/","title":{"rendered":"Iskol\u00e1nkr\u00f3l"},"content":{"rendered":"<div align=\"justify\">\n<h2>Iskol\u00e1nkr\u00f3l<\/h2>\n<p>Az \u00fajbudai Bocskai Istv\u00e1n \u00c1ltal\u00e1nos Iskola Budapest XI. ker\u00fclet\u00e9nek Szentimrev\u00e1ros v\u00e1rosr\u00e9sz\u00e9ben \u00e1ll. Ez a t\u00e1j a XX. sz\u00e1zad mez\u0151gazdas\u00e1gi m\u0171vel\u00e9s alatt \u00e1llt. A 20-as \u00e9vek v\u00e9g\u00e9n \u00e9p\u00fcltek az els\u0151 t\u00e1rsash\u00e1zak, tisztvisel\u0151k r\u00e9sz\u00e9re. Ez sz\u00fcks\u00e9gess\u00e9 tette egy \u00f3voda \u00e9s egy elemi iskola fel\u00e9p\u00edt\u00e9s\u00e9t.<\/p>\n<p><img decoding=\"async\" class=\"alignleft\" title=\"p1090930.jpg\" src=\"http:\/\/kepek.bocskai11.hu\/p1090930.jpg\" alt=\"p1090930.jpg\" width=\"207\" height=\"152\" \/>1929-ben nyitja meg a kapuit az int\u00e9zm\u00e9ny I. ker. Lenke \u00fati K\u00f6zs\u00e9gi N\u00e9piskola n\u00e9ven. Az iskola\u00e9p\u00fclet az 1929\/30-as tan\u00e9v m\u00e1sodik f\u00e9l\u00e9v\u00e9ben lett teljesen k\u00e9sz. A k\u00f6rny\u00e9ken ekkor m\u00e1r gombam\u00f3d n\u0151ttek a b\u00e9rh\u00e1zak.<\/p>\n<p>1939-ben Lenke \u00fati K\u00f6zs\u00e9gi Elemi N\u00e9piskol\u00e1ra v\u00e1ltozik az elnevez\u00e9s. Ett\u0151l az \u00e9vt\u0151l m\u00e1r hatoszt\u00e1lyos elemi n\u00e9piskolak\u00e9nt m\u0171k\u00f6d\u00f6tt az iskola. Olyan sok tanul\u00f3t \u00edrattak be, hogy az 5. \u00e9s 6. oszt\u00e1lyosokat a V\u00e1li \u00fati iskol\u00e1ban kellett elhelyezni.<\/p>\n<p>1944 m\u00e1rcius 19-t\u00f5l, a n\u00e9met megsz\u00e1ll\u00e1s ut\u00e1n megsz\u0171nt a tan\u00edt\u00e1s. Az ostrom utols\u00f3 napjaiban az \u00e9p\u00fcletet bombatal\u00e1lat \u00e9rte. A tet\u0151zet teljes eg\u00e9sz\u00e9ben le\u00e9gett.<\/p>\n<p>Az 1945-46-os tan\u00e9vben az iskola tanul\u00f3i a Cisztercita Gimn\u00e1ziumban kapnak ideiglenes mened\u00e9ket. Az els\u0151 b\u00e9k\u00e9s tan\u00e9v sor\u00e1n kialak\u00edtj\u00e1k a napk\u00f6zi otthont, fel\u00e1ll\u00edtj\u00e1k a Nevel\u00e9si Tan\u00e1csad\u00f3t.<\/p>\n<p>1959-re az iskola tanul\u00f3inak l\u00e9tsz\u00e1ma a k\u00f6rny\u00e9ken fel\u00e9p\u00fcl\u0151 lak\u00f3h\u00e1zak hat\u00e1s\u00e1ra \u00fagy megn\u0151tt, hogy \u00faj \u00e9p\u00fcletsz\u00e1rnyat kellett \u00e9p\u00edteni. De m\u00e9g \u00edgy is v\u00e1ltott m\u0171szakban folyt a tan\u00edt\u00e1s. Ebben az \u00e9vben ny\u00edlt meg az els\u0151 ARANYK\u00d6NYV. A legjobb tanul\u00f3k, legsikeresebb sportol\u00f3k, a k\u00f6z\u00f6ss\u00e9g\u00e9rt legt\u00f6bbet tev\u0151 di\u00e1kok \u00edrhatj\u00e1k be a nev\u00fcket- ez igen nagy elismer\u00e9snek sz\u00e1m\u00edt.<\/p>\n<p>1964-ben \u00fajabb sz\u00e1rnnyal n\u00f6vekedett az iskola. Ekkor 1450 tanul\u00f3 j\u00e1rt ide. 34 tanul\u00f3csoportban 58 pedag\u00f3gussal folyt a munka a 43-52 f\u0151s oszt\u00e1lyokban. Ekkor a ker\u00fclet legszebb \u00e9s legjobban felszerelt napk\u00f6zis \u00e9p\u00fcletr\u00e9sze volt az iskol\u00e1\u00e9.<\/p>\n<p>1972. \u00e1prilis 20-\u00e1n, Bocskai Istv\u00e1n Magyarorsz\u00e1g fejedelemm\u00e9 v\u00e1laszt\u00e1sa \u00e9vfordul\u00f3j\u00e1n az iskola felvette a kiv\u00e1l\u00f3 magyar t\u00f6rt\u00e9nelmi szem\u00e9lyis\u00e9g nev\u00e9t. Benda K\u00e1lm\u00e1n t\u00f6rt\u00e9n\u00e9sz volt a n\u00e9vad\u00f3 \u00fcnneps\u00e9g d\u00edszvend\u00e9ge. Ekkor hat\u00e1rozta el az iskola k\u00f6z\u00f6ss\u00e9ge: minden esztend\u0151ben iskolanap lesz, amely a gyermekek napja: vet\u00e9lked\u0151kkel, versenyekkel, j\u00e1t\u00e9kokkal. A 70-es \u00e9vekben term\u00e9szetismereti \u00e9s matematikai oktat\u00e1si k\u00eds\u00e9rlet folyt az iskol\u00e1ban, amelyet Dr. Marx Gy\u00f6rgy vezet\u00e9s\u00e9vel a MTA \u00e9s az OM ir\u00e1ny\u00edtott. Az 1978-as tanterv bevezet\u00e9sekor a tantest\u00fclet munkacsoportjai 5 tank\u00f6nyvet \u00e9s tan\u00edt\u00f3i k\u00e9zik\u00f6nyvet alkottak. Az egyik harmadikos tank\u00f6nyv 20 \u00e9ven \u00e1t volt orsz\u00e1gos taneszk\u00f6z!<\/p>\n<p>1989-ben a t\u00e1rsadalmi rendszerv\u00e1ltoz\u00e1s \u00faj lehet\u0151s\u00e9geket teremtett az iskolai munka meg\u00faj\u00edt\u00e1s\u00e1ra is. A nyelvtanul\u00e1s \u00e9s az informatikai-sz\u00e1m\u00edt\u00e1stechnikai ismeretek oktat\u00e1sa ker\u00fclt a k\u00f6z\u00e9ppontba az eddigi \u00e9rt\u00e9kek mellett. Ez mind a pedag\u00f3gusok \u00faj diplomaszerz\u0151 tev\u00e9kenys\u00e9g\u00e9ben, mind az \u00faj szakok bevezet\u00e9s\u00e9ben \u00f6lt\u00f6tt testet.<\/p>\n<p>1991 \u0151sz\u00e9n ny\u00edlik meg a Bocskai Gal\u00e9ria. Gyermekrajzok, amat\u0151r \u00e9s hivat\u00e1sos m\u0171v\u00e9szek sz\u00e1m\u00e1ra ny\u00edlt megmutatkoz\u00e1si lehet\u0151s\u00e9g.<\/p>\n<p>1992 \u00f3ta tartunk fejleszt\u0151 foglalkoz\u00e1sokat iskol\u00e1nkban.<\/p>\n<p>1996-2000 k\u00f6z\u00f6tt a ker\u00fcleti Logop\u00e9diai Szakszolg\u00e1lat a Bocskai \u00e9p\u00fclet\u00e9ben m\u0171k\u00f6dik.<\/p>\n<p>1999-ben elkezd\u0151dik a tan\u00f3rai n\u00e9pt\u00e1nc oktat\u00e1s.<\/p>\n<p><img decoding=\"async\" class=\"alignleft\" title=\"Image00001_22.jpg\" src=\"http:\/\/kepek.bocskai11.hu\/Image00001_22.jpg\" alt=\"Image00001_22.jpg\" width=\"212\" height=\"141\" \/>2005-t\u00f5l kezd\u0151d\u0151en meg\u00fajul az iskola. Elk\u00e9sz\u00fcl a villanyf\u00e9nyes m\u0171f\u00fcves p\u00e1lya. A v\u00edv\u00e1s \u00f3rarendi keretek k\u00f6z\u00e9 ker\u00fcl, ehhez l\u00e9trehozzuk a v\u00edv\u00f3termet. A hagyom\u00e1nyok meg\u0151rz\u00e9se mellett elindul n\u00e9h\u00e1ny m\u00e1ig tart\u00f3 folyamat.<\/p>\n<p>2010-ben folytat\u00f3dik a teljes \u00e1t\u00e1ll\u00e1s a folyamatszab\u00e1lyoz\u00e1sra. Egy\u00fcttm\u0171k\u00f6d\u00e9si meg\u00e1llapod\u00e1st k\u00f6t\u00fcnk az Oxford University Press Kiad\u00f3val. A Bocskai megfelel az EFQM eur\u00f3pai min\u0151s\u00e9gi el\u0151\u00edr\u00e1soknak. Ezzel a min\u0151s\u00edt\u00e9ssel jelenleg nyolc \u00e1ltal\u00e1nos iskola rendelkezik Magyarorsz\u00e1gon.<\/p>\n<p>2011-ben ism\u00e9t elnyerj\u00fck az \u00f6koiskolai c\u00edmet.<\/p>\n<p>2013-ban a sokr\u00e9t\u0171 foglalkoz\u00e1soknak k\u00f6sz\u00f6nhet\u0151en a Nemzeti Tehets\u00e9gseg\u00edt\u0151 Tan\u00e1cs akkredit\u00e1lt kiv\u00e1l\u00f3 tehets\u00e9gpontt\u00e1 nyilv\u00e1n\u00edtja a Bocskait.<\/p>\n<p>2014. janu\u00e1rj\u00e1ban megkapjuk az \u00f6r\u00f6k\u00f6s \u00f6koiskola elismer\u00e9st.<\/p>\n<\/div>\n","protected":false},"excerpt":{"rendered":"<p>Iskol\u00e1nkr\u00f3l Az \u00fajbudai Bocskai Istv\u00e1n \u00c1ltal\u00e1nos Iskola Budapest XI. ker\u00fclet\u00e9nek Szentimrev\u00e1ros v\u00e1rosr\u00e9sz\u00e9ben \u00e1ll. Ez a t\u00e1j a XX. sz\u00e1zad mez\u0151gazdas\u00e1gi m\u0171vel\u00e9s alatt \u00e1llt. A 20-as&hellip;<\/p>\n","protected":false},"author":1,"featured_media":0,"parent":0,"menu_order":0,"comment_status":"closed","ping_status":"closed","template":"","meta":{"footnotes":""},"class_list":["post-48","page","type-page","status-publish","hentry"],"_links":{"self":[{"href":"https:\/\/bocskai11.hu\/index.php\/wp-json\/wp\/v2\/pages\/48","targetHints":{"allow":["GET"]}}],"collection":[{"href":"https:\/\/bocskai11.hu\/index.php\/wp-json\/wp\/v2\/pages"}],"about":[{"href":"https:\/\/bocskai11.hu\/index.php\/wp-json\/wp\/v2\/types\/page"}],"author":[{"embeddable":true,"href":"https:\/\/bocskai11.hu\/index.php\/wp-json\/wp\/v2\/users\/1"}],"replies":[{"embeddable":true,"href":"https:\/\/bocskai11.hu\/index.php\/wp-json\/wp\/v2\/comments?post=48"}],"version-history":[{"count":5,"href":"https:\/\/bocskai11.hu\/index.php\/wp-json\/wp\/v2\/pages\/48\/revisions"}],"predecessor-version":[{"id":1226,"href":"https:\/\/bocskai11.hu\/index.php\/wp-json\/wp\/v2\/pages\/48\/revisions\/1226"}],"wp:attachment":[{"href":"https:\/\/bocskai11.hu\/index.php\/wp-json\/wp\/v2\/media?parent=48"}],"curies":[{"name":"wp","href":"https:\/\/api.w.org\/{rel}","templated":true}]}}