{"id":91,"date":"2020-12-02T19:31:54","date_gmt":"2020-12-02T18:31:54","guid":{"rendered":"https:\/\/bocskai11.hu\/?page_id=91"},"modified":"2026-04-15T10:30:07","modified_gmt":"2026-04-15T08:30:07","slug":"pedagogusaink","status":"publish","type":"page","link":"https:\/\/bocskai11.hu\/index.php\/pedagogusaink\/","title":{"rendered":"Koll\u00e9g\u00e1ink"},"content":{"rendered":"\n<figure class=\"wp-block-table\"><table><thead><tr><th><\/th><th><\/th><th>N\u00e9v:<\/th><th>Beoszt\u00e1s:<\/th><th class=\"has-text-align-center\" data-align=\"center\">Fogad\u00f3\u00f3ra id\u0151pontja:<\/th><\/tr><\/thead><tbody><tr><td><img decoding=\"async\" width=\"80\" height=\"103\" class=\"wp-image-3237\" style=\"width: 80px;\" src=\"https:\/\/bocskai11.hu\/wp-content\/uploads\/2026\/04\/FGZ_1322_masolat-scaled.jpg\" alt=\"\" srcset=\"https:\/\/bocskai11.hu\/wp-content\/uploads\/2026\/04\/FGZ_1322_masolat-scaled.jpg 1995w, https:\/\/bocskai11.hu\/wp-content\/uploads\/2026\/04\/FGZ_1322_masolat-234x300.jpg 234w, https:\/\/bocskai11.hu\/wp-content\/uploads\/2026\/04\/FGZ_1322_masolat-798x1024.jpg 798w, https:\/\/bocskai11.hu\/wp-content\/uploads\/2026\/04\/FGZ_1322_masolat-768x985.jpg 768w, https:\/\/bocskai11.hu\/wp-content\/uploads\/2026\/04\/FGZ_1322_masolat-1197x1536.jpg 1197w, https:\/\/bocskai11.hu\/wp-content\/uploads\/2026\/04\/FGZ_1322_masolat-1596x2048.jpg 1596w\" sizes=\"(max-width: 80px) 100vw, 80px\" \/><\/td><td><\/td><td>Buk\u00f3cki Bianka<\/td><td><strong>igazgat\u00f3<\/strong><br>tan\u00edt\u00f3<br>v\u00edv\u00e1s (testnevel\u00e9s)<\/td><td class=\"has-text-align-center\" data-align=\"center\">Szerda<br>10:00-10:45<\/td><\/tr><tr><td><img decoding=\"async\" src=\"https:\/\/bocskai11.hu\/wp-content\/uploads\/2021\/06\/kissteci.jpg\" alt=\"\" style=\"width: 80px;\"><\/td><td><\/td><td>Kiss Ter\u00e9z<\/td><td><strong>igazgat\u00f3helyettes<\/strong><br>t\u00f6rt\u00e9nelem<\/td><td class=\"has-text-align-center\" data-align=\"center\">Cs\u00fct\u00f6rt\u00f6k<br>10:00-10:45<\/td><\/tr><tr><td><img decoding=\"async\" width=\"80\" height=\"107\" class=\"wp-image-1692\" style=\"width: 80px;\" src=\"https:\/\/bocskai11.hu\/wp-content\/uploads\/2023\/11\/safranye13.jpg\" alt=\"\"><\/td><td><\/td><td>S\u00e1fr\u00e1ny Em\u0151ke<\/td><td><strong>igazgat\u00f3helyettes<\/strong><br>tan\u00edt\u00f3<\/td><td class=\"has-text-align-center\" data-align=\"center\">Kedd <br>10:00-10:45<\/td><\/tr><tr><td><img decoding=\"async\" width=\"80\" height=\"86\" class=\"wp-image-2712\" style=\"width: 80px;\" src=\"https:\/\/bocskai11.hu\/wp-content\/uploads\/2024\/10\/cv_kep_arday_greta-scaled.jpg\" alt=\"\" srcset=\"https:\/\/bocskai11.hu\/wp-content\/uploads\/2024\/10\/cv_kep_arday_greta-scaled.jpg 2390w, https:\/\/bocskai11.hu\/wp-content\/uploads\/2024\/10\/cv_kep_arday_greta-280x300.jpg 280w, https:\/\/bocskai11.hu\/wp-content\/uploads\/2024\/10\/cv_kep_arday_greta-956x1024.jpg 956w, https:\/\/bocskai11.hu\/wp-content\/uploads\/2024\/10\/cv_kep_arday_greta-768x823.jpg 768w, https:\/\/bocskai11.hu\/wp-content\/uploads\/2024\/10\/cv_kep_arday_greta-1434x1536.jpg 1434w, https:\/\/bocskai11.hu\/wp-content\/uploads\/2024\/10\/cv_kep_arday_greta-1912x2048.jpg 1912w\" sizes=\"(max-width: 80px) 100vw, 80px\" \/><\/td><td><\/td><td>Arday Gr\u00e9ta<\/td><td>tan\u00edt\u00f3<br>oszt\u00e1lyf\u0151n\u00f6k 1. a<br><\/td><td class=\"has-text-align-center\" data-align=\"center\">H\u00e9tf\u0151<br>9:00-9:45<\/td><\/tr><tr><td><img decoding=\"async\" src=\"http:\/\/kepek.bocskai11.hu\/maticsek_o_tn.jpg\" alt=\"maticsek_o_tn.jpg\" style=\"width: 80px;\"><\/td><td><\/td><td>B\u00e1nyi-Maticsek Olga<\/td><td>f\u00f6ldrajz<br>t\u00f6rt\u00e9nelem<br>oszt\u00e1lyf\u0151n\u00f6k 8. b.&nbsp;<\/td><td class=\"has-text-align-center\" data-align=\"center\">P\u00e9ntek<br>11:00-11:45<\/td><\/tr><tr><td><\/td><td><\/td><td>Bathelt-Sabla Kitti<\/td><td>tan\u00edt\u00f3<br>oszt\u00e1lyf\u0151n\u00f6k 3. b.<\/td><td class=\"has-text-align-center\" data-align=\"center\">H\u00e9tf\u0151<br>9:00-9:45<\/td><\/tr><tr><td><img loading=\"lazy\" decoding=\"async\" width=\"80\" height=\"131\" class=\"wp-image-3126\" style=\"width: 80px;\" src=\"https:\/\/bocskai11.hu\/wp-content\/uploads\/2025\/12\/IMG_20241210_125522.jpg\" alt=\"\" srcset=\"https:\/\/bocskai11.hu\/wp-content\/uploads\/2025\/12\/IMG_20241210_125522.jpg 610w, https:\/\/bocskai11.hu\/wp-content\/uploads\/2025\/12\/IMG_20241210_125522-184x300.jpg 184w\" sizes=\"(max-width: 80px) 100vw, 80px\" \/><\/td><td><\/td><td>Bene D\u00f3ra<\/td><td>iskolapszichol\u00f3gus<\/td><td class=\"has-text-align-center\" data-align=\"center\">iskolapszichologus@bocskai11.hu<\/td><\/tr><tr><td><img loading=\"lazy\" decoding=\"async\" width=\"80\" height=\"115\" class=\"wp-image-1117\" style=\"width: 80px;\" src=\"https:\/\/bocskai11.hu\/wp-content\/uploads\/2023\/10\/image_50377217-scaled.jpg\" alt=\"\" srcset=\"https:\/\/bocskai11.hu\/wp-content\/uploads\/2023\/10\/image_50377217-scaled.jpg 1779w, https:\/\/bocskai11.hu\/wp-content\/uploads\/2023\/10\/image_50377217-208x300.jpg 208w, https:\/\/bocskai11.hu\/wp-content\/uploads\/2023\/10\/image_50377217-711x1024.jpg 711w, https:\/\/bocskai11.hu\/wp-content\/uploads\/2023\/10\/image_50377217-768x1105.jpg 768w, https:\/\/bocskai11.hu\/wp-content\/uploads\/2023\/10\/image_50377217-1067x1536.jpg 1067w, https:\/\/bocskai11.hu\/wp-content\/uploads\/2023\/10\/image_50377217-1423x2048.jpg 1423w\" sizes=\"(max-width: 80px) 100vw, 80px\" \/><\/td><td><\/td><td>Besze Zs\u00f3fia<\/td><td>n\u00e9pt\u00e1nc<br>oszt\u00e1lyf\u0151n\u00f6k 5. b.<\/td><td class=\"has-text-align-center\" data-align=\"center\">H\u00e9tf\u0151<br>12:55-13:40<\/td><\/tr><tr><td><img decoding=\"async\" src=\"http:\/\/kepek.bocskai11.hu\/boros_n_tn.jpg\" alt=\"boros_n_tn.jpg\" style=\"width: 80px;\"><\/td><td><\/td><td>Boros Norbert<\/td><td>testnevel\u00e9s<\/td><td class=\"has-text-align-center\" data-align=\"center\">Szerda<br>8:00-8:45<\/td><\/tr><tr><td><\/td><td><\/td><td>Csermely Luca<\/td><td>gy\u00f3gypedag\u00f3gus<\/td><td class=\"has-text-align-center\" data-align=\"center\"><\/td><\/tr><tr><td><img decoding=\"async\" src=\"http:\/\/kepek.bocskai11.hu\/geherj2.jpg\" alt=\"geherj2.jpg\" style=\"width: 80px;\"><\/td><td><\/td><td>Geh\u00e9r Judit<\/td><td>biol\u00f3gia, term\u00e9szetismeret,<br>k\u00e9mia<br><\/td><td class=\"has-text-align-center\" data-align=\"center\">P\u00e9ntek<br>12:55-13:40<\/td><\/tr><tr><td><img loading=\"lazy\" decoding=\"async\" width=\"80\" height=\"75\" class=\"wp-image-1110\" style=\"width: 80px;\" src=\"https:\/\/bocskai11.hu\/wp-content\/uploads\/2023\/09\/RekaGido.jpg\" alt=\"\" srcset=\"https:\/\/bocskai11.hu\/wp-content\/uploads\/2023\/09\/RekaGido.jpg 613w, https:\/\/bocskai11.hu\/wp-content\/uploads\/2023\/09\/RekaGido-300x279.jpg 300w\" sizes=\"(max-width: 80px) 100vw, 80px\" \/><\/td><td><\/td><td>Gid\u00f3falvy R\u00e9ka<\/td><td>angol<\/td><td class=\"has-text-align-center\" data-align=\"center\">P\u00e9ntek<br>10:00-10:45<\/td><\/tr><tr><td><img decoding=\"async\" src=\"http:\/\/kepek.bocskai11.hu\/hallap.jpg\" alt=\"hallap.jpg\" style=\"width: 80px;\"><\/td><td><\/td><td>Halla P\u00e9ter<\/td><td>v\u00edv\u00e1s<\/td><td class=\"has-text-align-center\" data-align=\"center\">Kedd<br>12:00-12:45<\/td><\/tr><tr><td><img decoding=\"async\" src=\"http:\/\/kepek.bocskai11.hu\/harangozok.jpg\" alt=\"harangozok.jpg\" style=\"width: 80px;\"><\/td><td><\/td><td>Harangoz\u00f3 Krisztina<\/td><td>informatika<br>oszt\u00e1lyf\u0151n\u00f6ki mk. vezet\u0151<br>m\u00e9r\u00e9si mk. vezet\u0151<\/td><td class=\"has-text-align-center\" data-align=\"center\">P\u00e9ntek<br>9:00-9:45<\/td><\/tr><tr><td><img decoding=\"async\" src=\"https:\/\/bocskai11.hu\/wp-content\/uploads\/2021\/06\/hartasz.jpg\" alt=\"\" style=\"width: 80px;\"><\/td><td><\/td><td>Harta Szilvia<\/td><td>angol<br>oszt\u00e1lyf\u0151n\u00f6k 8.a<br>hum\u00e1n mk. vezet\u0151<\/td><td class=\"has-text-align-center\" data-align=\"center\">Kedd<br>12:55-13:40<\/td><\/tr><tr><td><img loading=\"lazy\" decoding=\"async\" width=\"80\" height=\"100\" class=\"wp-image-3044\" style=\"width: 80px;\" src=\"https:\/\/bocskai11.hu\/wp-content\/uploads\/2025\/09\/Herbert-Krisztian-2-scaled.jpg\" alt=\"\" srcset=\"https:\/\/bocskai11.hu\/wp-content\/uploads\/2025\/09\/Herbert-Krisztian-2-scaled.jpg 2048w, https:\/\/bocskai11.hu\/wp-content\/uploads\/2025\/09\/Herbert-Krisztian-2-240x300.jpg 240w, https:\/\/bocskai11.hu\/wp-content\/uploads\/2025\/09\/Herbert-Krisztian-2-819x1024.jpg 819w, https:\/\/bocskai11.hu\/wp-content\/uploads\/2025\/09\/Herbert-Krisztian-2-768x960.jpg 768w, https:\/\/bocskai11.hu\/wp-content\/uploads\/2025\/09\/Herbert-Krisztian-2-1229x1536.jpg 1229w, https:\/\/bocskai11.hu\/wp-content\/uploads\/2025\/09\/Herbert-Krisztian-2-1638x2048.jpg 1638w\" sizes=\"(max-width: 80px) 100vw, 80px\" \/><\/td><td><\/td><td>Herbert Kriszti\u00e1n<\/td><td>testnevel\u00e9s<\/td><td class=\"has-text-align-center\" data-align=\"center\">P\u00e9ntek<br>11:00-11:45<\/td><\/tr><tr><td><img loading=\"lazy\" decoding=\"async\" width=\"80\" height=\"93\" class=\"wp-image-2543\" style=\"width: 80px;\" src=\"https:\/\/bocskai11.hu\/wp-content\/uploads\/2024\/02\/Fenykep_Antonia.jpg\" alt=\"\" srcset=\"https:\/\/bocskai11.hu\/wp-content\/uploads\/2024\/02\/Fenykep_Antonia.jpg 318w, https:\/\/bocskai11.hu\/wp-content\/uploads\/2024\/02\/Fenykep_Antonia-259x300.jpg 259w\" sizes=\"(max-width: 80px) 100vw, 80px\" \/><\/td><td><\/td><td>Hidv\u00e9gi Ant\u00f3nia<\/td><td>tan\u00edt\u00f3 <br>oszt\u00e1lyf\u0151n\u00f6k 2.a<\/td><td class=\"has-text-align-center\" data-align=\"center\">H\u00e9tf\u0151<br>11:00-11:45<\/td><\/tr><tr><td><img loading=\"lazy\" decoding=\"async\" width=\"80\" height=\"81\" class=\"wp-image-3016\" style=\"width: 80px;\" src=\"https:\/\/bocskai11.hu\/wp-content\/uploads\/2025\/08\/Horvath-Tibor-Gyorgy.jpg\" alt=\"\" srcset=\"https:\/\/bocskai11.hu\/wp-content\/uploads\/2025\/08\/Horvath-Tibor-Gyorgy.jpg 300w, https:\/\/bocskai11.hu\/wp-content\/uploads\/2025\/08\/Horvath-Tibor-Gyorgy-295x300.jpg 295w, https:\/\/bocskai11.hu\/wp-content\/uploads\/2025\/08\/Horvath-Tibor-Gyorgy-150x150.jpg 150w\" sizes=\"(max-width: 80px) 100vw, 80px\" \/><\/td><td><\/td><td>Horv\u00e1th Tibor Gy\u00f6rgy<\/td><td>matematika<\/td><td class=\"has-text-align-center\" data-align=\"center\">Cs\u00fct\u00f6rt\u00f6k<br>12:55-13:40<\/td><\/tr><tr><td><img decoding=\"async\" src=\"https:\/\/bocskai11.hu\/wp-content\/uploads\/2021\/06\/huszi.jpg\" alt=\"\" style=\"width: 80px;\"><\/td><td><\/td><td>Husz\u00e1r Ildik\u00f3<\/td><td>informatika<br>term\u00e9szetismeret<br>oszt\u00e1lyf\u0151n\u00f6k 6.b<\/td><td class=\"has-text-align-center\" data-align=\"center\">P\u00e9ntek<br>9:00-9:45<\/td><\/tr><tr><td><img loading=\"lazy\" decoding=\"async\" width=\"80\" height=\"126\" class=\"wp-image-2859\" style=\"width: 80px;\" src=\"https:\/\/bocskai11.hu\/wp-content\/uploads\/2024\/11\/JB_Bocskai.jpg\" alt=\"\" srcset=\"https:\/\/bocskai11.hu\/wp-content\/uploads\/2024\/11\/JB_Bocskai.jpg 420w, https:\/\/bocskai11.hu\/wp-content\/uploads\/2024\/11\/JB_Bocskai-191x300.jpg 191w\" sizes=\"(max-width: 80px) 100vw, 80px\" \/><\/td><td><\/td><td>Juh\u00e1sz Bibi\u00e1na<\/td><td>angol<\/td><td class=\"has-text-align-center\" data-align=\"center\">Cs\u00fct\u00f6rt\u00f6k<br>11:00-11:45<\/td><\/tr><tr><td><img loading=\"lazy\" decoding=\"async\" width=\"80\" height=\"92\" class=\"wp-image-2644\" style=\"width: 80px;\" src=\"https:\/\/bocskai11.hu\/wp-content\/uploads\/2024\/08\/IMG_2177.jpeg\" alt=\"\" srcset=\"https:\/\/bocskai11.hu\/wp-content\/uploads\/2024\/08\/IMG_2177.jpeg 1096w, https:\/\/bocskai11.hu\/wp-content\/uploads\/2024\/08\/IMG_2177-260x300.jpeg 260w, https:\/\/bocskai11.hu\/wp-content\/uploads\/2024\/08\/IMG_2177-889x1024.jpeg 889w, https:\/\/bocskai11.hu\/wp-content\/uploads\/2024\/08\/IMG_2177-768x885.jpeg 768w\" sizes=\"(max-width: 80px) 100vw, 80px\" \/><\/td><td><\/td><td>K\u00f6dm\u00f6n \u00c9va<\/td><td>napk\u00f6zi 2.b<br>testnevel\u00e9s<\/td><td class=\"has-text-align-center\" data-align=\"center\">Kedd<br>12:00-12:45<\/td><\/tr><tr><td><img loading=\"lazy\" decoding=\"async\" width=\"80\" height=\"86\" class=\"wp-image-3042\" style=\"width: 80px;\" src=\"https:\/\/bocskai11.hu\/wp-content\/uploads\/2025\/09\/unnamed.png\" alt=\"\"><\/td><td><\/td><td>Kond\u00e1s Dalma<\/td><td>pedag\u00f3giai asszisztens<\/td><td class=\"has-text-align-center\" data-align=\"center\"><\/td><\/tr><tr><td><\/td><td><\/td><td>Korompay Bal\u00e1zs<\/td><td>n\u00e9pt\u00e1nc<\/td><td class=\"has-text-align-center\" data-align=\"center\">Cs\u00fct\u00f6rt\u00f6k<br>9:00-9:45<\/td><\/tr><tr><td><img decoding=\"async\" src=\"http:\/\/kepek.bocskai11.hu\/knelli12.jpg\" alt=\"knelli12.jpg\" style=\"width: 80px;\"><\/td><td><\/td><td>Kov\u00e1cs Korn\u00e9lia<\/td><td>tan\u00edt\u00f3<br>napk\u00f6zi 3.a<br>rajz<\/td><td class=\"has-text-align-center\" data-align=\"center\">H\u00e9tf\u0151<br>12:00-12:45<\/td><\/tr><tr><td><img decoding=\"async\" src=\"http:\/\/kepek.bocskai11.hu\/kovacs_sz_tn.jpg\" alt=\"kovacs_sz_tn.jpg\" style=\"width: 80px;\"><\/td><td><\/td><td>Kov\u00e1csov\u00e1 Sylvia<\/td><td>magyar<br><\/td><td class=\"has-text-align-center\" data-align=\"center\">P\u00e9ntek<br>10:00-10:45<\/td><\/tr><tr><td><img loading=\"lazy\" decoding=\"async\" width=\"80\" height=\"80\" class=\"wp-image-3100\" style=\"width: 80px;\" src=\"https:\/\/bocskai11.hu\/wp-content\/uploads\/2025\/11\/Kozma-Istvan.jpg\" alt=\"\" srcset=\"https:\/\/bocskai11.hu\/wp-content\/uploads\/2025\/11\/Kozma-Istvan.jpg 669w, https:\/\/bocskai11.hu\/wp-content\/uploads\/2025\/11\/Kozma-Istvan-300x300.jpg 300w, https:\/\/bocskai11.hu\/wp-content\/uploads\/2025\/11\/Kozma-Istvan-150x150.jpg 150w\" sizes=\"(max-width: 80px) 100vw, 80px\" \/><\/td><td><\/td><td>Kozma Istv\u00e1n<\/td><td><\/td><td class=\"has-text-align-center\" data-align=\"center\"><\/td><\/tr><tr><td><img decoding=\"async\" src=\"http:\/\/kepek.bocskai11.hu\/lkcsoram.jpg\" alt=\"lkcsoram.jpg\" style=\"width: 80px;\"><\/td><td><\/td><td>Lagzi-Kov\u00e1csn\u00e9 Cs\u00f3ra M\u00f3nika<\/td><td>tan\u00edt\u00f3<br>oszt\u00e1lyf\u0151n\u00f6k 4.b<\/td><td class=\"has-text-align-center\" data-align=\"center\">Szerda<br>11:00-11:45<\/td><\/tr><tr><td><\/td><td><\/td><td>M\u00e1t\u00e9n\u00e9 Bata Katalin<\/td><td>fejleszt\u0151pedag\u00f3gus<\/td><td class=\"has-text-align-center\" data-align=\"center\">Szerda<br>10:00-10:45<\/td><\/tr><tr><td><img decoding=\"async\" src=\"http:\/\/kepek.bocskai11.hu\/kompi11_tn.jpg\" alt=\"kompi11_tn.jpg\" style=\"width: 80px;\"><\/td><td><\/td><td>Merkeln\u00e9 Kompanik Krisztina<\/td><td>fizika, matematika<br>oszt\u00e1lyf\u0151n\u00f6k 6.a<br>re\u00e1l mk. vezet\u0151<\/td><td class=\"has-text-align-center\" data-align=\"center\">Cs\u00fct\u00f6rt\u00f6k<br>11:00-11:45<\/td><\/tr><tr><td><img loading=\"lazy\" decoding=\"async\" width=\"80\" height=\"107\" class=\"wp-image-3018\" style=\"width: 80px;\" src=\"https:\/\/bocskai11.hu\/wp-content\/uploads\/2025\/08\/1000024060.jpg\" alt=\"\" srcset=\"https:\/\/bocskai11.hu\/wp-content\/uploads\/2025\/08\/1000024060.jpg 1536w, https:\/\/bocskai11.hu\/wp-content\/uploads\/2025\/08\/1000024060-225x300.jpg 225w, https:\/\/bocskai11.hu\/wp-content\/uploads\/2025\/08\/1000024060-768x1024.jpg 768w, https:\/\/bocskai11.hu\/wp-content\/uploads\/2025\/08\/1000024060-1152x1536.jpg 1152w\" sizes=\"(max-width: 80px) 100vw, 80px\" \/><\/td><td><\/td><td>M\u00e9sz\u00e1ros Kinga<\/td><td>tan\u00edt\u00f3<br>napk\u00f6zi 1.b<\/td><td class=\"has-text-align-center\" data-align=\"center\">P\u00e9ntek<br>11:00-11:45<\/td><\/tr><tr><td><img loading=\"lazy\" decoding=\"async\" width=\"80\" height=\"80\" class=\"wp-image-1095\" style=\"width: 80px;\" src=\"https:\/\/bocskai11.hu\/wp-content\/uploads\/2023\/09\/IMG_6629_masolat.jpg\" alt=\"\" srcset=\"https:\/\/bocskai11.hu\/wp-content\/uploads\/2023\/09\/IMG_6629_masolat.jpg 1360w, https:\/\/bocskai11.hu\/wp-content\/uploads\/2023\/09\/IMG_6629_masolat-300x300.jpg 300w, https:\/\/bocskai11.hu\/wp-content\/uploads\/2023\/09\/IMG_6629_masolat-1024x1024.jpg 1024w, https:\/\/bocskai11.hu\/wp-content\/uploads\/2023\/09\/IMG_6629_masolat-150x150.jpg 150w, https:\/\/bocskai11.hu\/wp-content\/uploads\/2023\/09\/IMG_6629_masolat-768x768.jpg 768w\" sizes=\"(max-width: 80px) 100vw, 80px\" \/><\/td><td><\/td><td>M\u00e9sz\u00e1ros Tibor<\/td><td>v\u00edv\u00e1s<br>testnevel\u00e9s<\/td><td class=\"has-text-align-center\" data-align=\"center\">Kedd<br>12:00-12:45<\/td><\/tr><tr><td><img loading=\"lazy\" decoding=\"async\" width=\"80\" height=\"107\" class=\"wp-image-2917\" style=\"width: 80px;\" src=\"https:\/\/bocskai11.hu\/wp-content\/uploads\/2025\/03\/19a38576-b435-48bf-a0ce-e4e8aa932edb.jpeg\" alt=\"\" srcset=\"https:\/\/bocskai11.hu\/wp-content\/uploads\/2025\/03\/19a38576-b435-48bf-a0ce-e4e8aa932edb.jpeg 1200w, https:\/\/bocskai11.hu\/wp-content\/uploads\/2025\/03\/19a38576-b435-48bf-a0ce-e4e8aa932edb-225x300.jpeg 225w, https:\/\/bocskai11.hu\/wp-content\/uploads\/2025\/03\/19a38576-b435-48bf-a0ce-e4e8aa932edb-768x1024.jpeg 768w, https:\/\/bocskai11.hu\/wp-content\/uploads\/2025\/03\/19a38576-b435-48bf-a0ce-e4e8aa932edb-1152x1536.jpeg 1152w\" sizes=\"(max-width: 80px) 100vw, 80px\" \/><\/td><td><\/td><td>Orb\u00e1n G\u00e1bor<\/td><td>napk\u00f6zi 2. a<\/td><td class=\"has-text-align-center\" data-align=\"center\">Szerda<br>12:00-12:45<\/td><\/tr><tr><td><img loading=\"lazy\" decoding=\"async\" width=\"80\" height=\"81\" class=\"wp-image-1046\" style=\"width: 80px;\" src=\"https:\/\/bocskai11.hu\/wp-content\/uploads\/2023\/08\/Gaxa.jpg\" alt=\"\" srcset=\"https:\/\/bocskai11.hu\/wp-content\/uploads\/2023\/08\/Gaxa.jpg 1080w, https:\/\/bocskai11.hu\/wp-content\/uploads\/2023\/08\/Gaxa-298x300.jpg 298w, https:\/\/bocskai11.hu\/wp-content\/uploads\/2023\/08\/Gaxa-1017x1024.jpg 1017w, https:\/\/bocskai11.hu\/wp-content\/uploads\/2023\/08\/Gaxa-150x150.jpg 150w, https:\/\/bocskai11.hu\/wp-content\/uploads\/2023\/08\/Gaxa-768x773.jpg 768w\" sizes=\"(max-width: 80px) 100vw, 80px\" \/><\/td><td><\/td><td>Pattantyus Gabriella<\/td><td>tan\u00edt\u00f3<br>oszt\u00e1lyf\u0151n\u00f6k 3.a<\/td><td class=\"has-text-align-center\" data-align=\"center\">H\u00e9tf\u0151<br>11:00-11:45<\/td><\/tr><tr><td><img decoding=\"async\" src=\"https:\/\/bocskai11.hu\/wp-content\/uploads\/2021\/06\/penzesi.jpg\" alt=\"\" style=\"width: 80px;\"><\/td><td><\/td><td>P\u00e9nzes Istv\u00e1n<\/td><td>tan\u00edt\u00f3<br>oszt\u00e1lyf\u0151n\u00f6k 2.b<br><\/td><td class=\"has-text-align-center\" data-align=\"center\">H\u00e9tf\u0151<br>12:00-12:45<\/td><\/tr><tr><td><img decoding=\"async\" src=\"http:\/\/kepek.bocskai11.hu\/RetiK.jpg\" alt=\"RetiK.jpg\" style=\"width: 80px;\"><\/td><td><\/td><td>R\u00e9ti Kl\u00e1ra<\/td><td>angol<br>oszt\u00e1lyf\u0151n\u00f6k 7.b<br>oszt\u00e1lyf\u0151n\u00f6ki munkak\u00f6z\u00f6ss\u00e9g vezet\u0151<\/td><td class=\"has-text-align-center\" data-align=\"center\">P\u00e9ntek<br>9:00-9:45<\/td><\/tr><tr><td><img loading=\"lazy\" decoding=\"async\" width=\"80\" height=\"80\" class=\"wp-image-3043\" style=\"width: 80px;\" src=\"https:\/\/bocskai11.hu\/wp-content\/uploads\/2025\/09\/DSC6393.png\" alt=\"\" srcset=\"https:\/\/bocskai11.hu\/wp-content\/uploads\/2025\/09\/DSC6393.png 2000w, https:\/\/bocskai11.hu\/wp-content\/uploads\/2025\/09\/DSC6393-300x300.png 300w, https:\/\/bocskai11.hu\/wp-content\/uploads\/2025\/09\/DSC6393-1024x1024.png 1024w, https:\/\/bocskai11.hu\/wp-content\/uploads\/2025\/09\/DSC6393-150x150.png 150w, https:\/\/bocskai11.hu\/wp-content\/uploads\/2025\/09\/DSC6393-768x768.png 768w, https:\/\/bocskai11.hu\/wp-content\/uploads\/2025\/09\/DSC6393-1536x1536.png 1536w\" sizes=\"(max-width: 80px) 100vw, 80px\" \/><\/td><td><\/td><td>S\u00e1rk\u00f6zi Melina<\/td><td>tan\u00edt\u00f3<br>oszt\u00e1lyf\u0151n\u00f6k 1.b<\/td><td class=\"has-text-align-center\" data-align=\"center\">Kedd<br>10:00-10:45<\/td><\/tr><tr><td><\/td><td><\/td><td>Sinkovics Kinga<\/td><td>gy\u00f3gypedag\u00f3gus<\/td><td class=\"has-text-align-center\" data-align=\"center\">Cs\u00fct\u00f6rt\u00f6k<br>14:00-14:40<\/td><\/tr><tr><td><img decoding=\"async\" src=\"http:\/\/kepek.bocskai11.hu\/szalaim2.jpg\" alt=\"szalaim2.jpg\" style=\"width: 80px;\"><\/td><td><\/td><td>Szalain\u00e9 Nagy M\u00e1rta<\/td><td>tan\u00edt\u00f3<br>oszt\u00e1lyf\u0151n\u00f6k 4.a<\/td><td class=\"has-text-align-center\" data-align=\"center\">H\u00e9tf\u0151<br>11:00-11:45<\/td><\/tr><tr><td><img loading=\"lazy\" decoding=\"async\" width=\"80\" height=\"120\" class=\"wp-image-3026\" style=\"width: 80px;\" src=\"https:\/\/bocskai11.hu\/wp-content\/uploads\/2025\/08\/1000011451.jpg\" alt=\"\" srcset=\"https:\/\/bocskai11.hu\/wp-content\/uploads\/2025\/08\/1000011451.jpg 1515w, https:\/\/bocskai11.hu\/wp-content\/uploads\/2025\/08\/1000011451-200x300.jpg 200w, https:\/\/bocskai11.hu\/wp-content\/uploads\/2025\/08\/1000011451-683x1024.jpg 683w, https:\/\/bocskai11.hu\/wp-content\/uploads\/2025\/08\/1000011451-768x1152.jpg 768w, https:\/\/bocskai11.hu\/wp-content\/uploads\/2025\/08\/1000011451-1024x1536.jpg 1024w, https:\/\/bocskai11.hu\/wp-content\/uploads\/2025\/08\/1000011451-1365x2048.jpg 1365w\" sizes=\"(max-width: 80px) 100vw, 80px\" \/><\/td><td><\/td><td>Szalontai-Kov\u00e1cs Ida<\/td><td>\u00e9nek-zene<br>\u00e9nekkar<br>magyar<\/td><td class=\"has-text-align-center\" data-align=\"center\">Cs\u00fct\u00f6rt\u00f6k<br>11:00-11:45<\/td><\/tr><tr><td><\/td><td><\/td><td>Sz\u00e9les Krist\u00f3f<\/td><td>napk\u00f6zi 3.b<\/td><td class=\"has-text-align-center\" data-align=\"center\">H\u00e9tf\u0151<br>11:00-12:00<\/td><\/tr><tr><td><img decoding=\"async\" src=\"http:\/\/kepek.bocskai11.hu\/Bocs 557s_tn.jpg\" alt=\"Bocs 557s_tn.jpg\" style=\"width: 80px;\"><\/td><td><\/td><td>Szathm\u00e1ri \u00c1gnes<\/td><td>gy\u00f3gypedag\u00f3gus<br>magyar<br>oszt\u00e1lyf\u0151n\u00f6k 5. a.<\/td><td class=\"has-text-align-center\" data-align=\"center\">H\u00e9tf\u0151 <br>14:00-14:40<\/td><\/tr><tr><td><img decoding=\"async\" src=\"http:\/\/kepek.bocskai11.hu\/varadyb.jpg\" alt=\"varadyb.jpg\" style=\"width: 80px;\"><\/td><td><\/td><td>V\u00e1rady B\u00e9la<\/td><td>tan\u00edt\u00f3<br>napk\u00f6zi 1.a<br><\/td><td class=\"has-text-align-center\" data-align=\"center\">H\u00e9tf\u0151<br>13:00-13:40<\/td><\/tr><tr><td><img loading=\"lazy\" decoding=\"async\" width=\"80\" height=\"125\" class=\"wp-image-1101\" style=\"width: 80px;\" src=\"https:\/\/bocskai11.hu\/wp-content\/uploads\/2023\/09\/DSC_0334.jpg\" alt=\"\" srcset=\"https:\/\/bocskai11.hu\/wp-content\/uploads\/2023\/09\/DSC_0334.jpg 590w, https:\/\/bocskai11.hu\/wp-content\/uploads\/2023\/09\/DSC_0334-191x300.jpg 191w\" sizes=\"(max-width: 80px) 100vw, 80px\" \/><\/td><td><\/td><td>V\u00f6lgyin\u00e9 Jenei T\u00edmea<\/td><td>tan\u00edt\u00f3<br>napk\u00f6zi 4.b<\/td><td class=\"has-text-align-center\" data-align=\"center\">P\u00e9ntek<br>13:00-13:40<\/td><\/tr><\/tbody><\/table><figcaption class=\"wp-element-caption\"><strong>Pedag\u00f3giai munk\u00e1t k\u00f6zvetlen\u00fcl seg\u00edt\u0151 koll\u00e9g\u00e1ink:<\/strong><\/figcaption><\/figure>\n\n\n\n<figure class=\"wp-block-table\"><table><tbody><tr><td><\/td><td><\/td><td><\/td><td><\/td><\/tr><tr><td><img loading=\"lazy\" decoding=\"async\" width=\"80\" height=\"108\" class=\"wp-image-3241\" style=\"width: 80px;\" src=\"https:\/\/bocskai11.hu\/wp-content\/uploads\/2026\/04\/IMG_2555-scaled.jpeg\" alt=\"\" srcset=\"https:\/\/bocskai11.hu\/wp-content\/uploads\/2026\/04\/IMG_2555-scaled.jpeg 1893w, https:\/\/bocskai11.hu\/wp-content\/uploads\/2026\/04\/IMG_2555-222x300.jpeg 222w, https:\/\/bocskai11.hu\/wp-content\/uploads\/2026\/04\/IMG_2555-757x1024.jpeg 757w, https:\/\/bocskai11.hu\/wp-content\/uploads\/2026\/04\/IMG_2555-768x1038.jpeg 768w, https:\/\/bocskai11.hu\/wp-content\/uploads\/2026\/04\/IMG_2555-1136x1536.jpeg 1136w, https:\/\/bocskai11.hu\/wp-content\/uploads\/2026\/04\/IMG_2555-1515x2048.jpeg 1515w\" sizes=\"(max-width: 80px) 100vw, 80px\" \/><\/td><td>Sz\u00e9kely L\u00e1szl\u00f3<\/td><td>port\u00e1s<\/td><td><\/td><\/tr><tr><td><img loading=\"lazy\" decoding=\"async\" width=\"80\" height=\"120\" class=\"wp-image-3242\" style=\"width: 80px;\" src=\"https:\/\/bocskai11.hu\/wp-content\/uploads\/2026\/04\/1000006332.png\" alt=\"\" srcset=\"https:\/\/bocskai11.hu\/wp-content\/uploads\/2026\/04\/1000006332.png 1024w, https:\/\/bocskai11.hu\/wp-content\/uploads\/2026\/04\/1000006332-200x300.png 200w, https:\/\/bocskai11.hu\/wp-content\/uploads\/2026\/04\/1000006332-683x1024.png 683w, https:\/\/bocskai11.hu\/wp-content\/uploads\/2026\/04\/1000006332-768x1152.png 768w\" sizes=\"(max-width: 80px) 100vw, 80px\" \/><\/td><td>Sziffer S\u00e1ndor<\/td><td>port\u00e1s<\/td><td><\/td><\/tr><tr><td><\/td><td>Cs\u00edk J\u00f3zsef<\/td><td>karbantart\u00f3<\/td><td><\/td><\/tr><tr><td><\/td><td>Zrufk\u00f3 Istv\u00e1n<\/td><td>karbantart\u00f3<\/td><td><\/td><\/tr><tr><td><img decoding=\"async\" class=\"wp-image-2722\" style=\"width: 80px;\" src=\"https:\/\/bocskai11.hu\/wp-content\/uploads\/2024\/10\/IMG_20200330_073123-1-scaled.jpg\" alt=\"\"><img loading=\"lazy\" decoding=\"async\" width=\"80\" height=\"107\" class=\"wp-image-2721\" style=\"width: 80px;\" src=\"https:\/\/bocskai11.hu\/wp-content\/uploads\/2024\/10\/IMG_20200330_073123-scaled.jpg\" alt=\"\" srcset=\"https:\/\/bocskai11.hu\/wp-content\/uploads\/2024\/10\/IMG_20200330_073123-scaled.jpg 1920w, https:\/\/bocskai11.hu\/wp-content\/uploads\/2024\/10\/IMG_20200330_073123-225x300.jpg 225w\" sizes=\"(max-width: 80px) 100vw, 80px\" \/><\/td><td>Kov\u00e1csik D\u00e1niel<\/td><td>mb. informatikus<\/td><td><\/td><\/tr><\/tbody><\/table><\/figure>\n\n\n\n<p><\/p>\n","protected":false},"excerpt":{"rendered":"<p>N\u00e9v: Beoszt\u00e1s: Fogad\u00f3\u00f3ra id\u0151pontja: Buk\u00f3cki Bianka igazgat\u00f3tan\u00edt\u00f3v\u00edv\u00e1s (testnevel\u00e9s) Szerda10:00-10:45 Kiss Ter\u00e9z igazgat\u00f3helyettest\u00f6rt\u00e9nelem Cs\u00fct\u00f6rt\u00f6k10:00-10:45 S\u00e1fr\u00e1ny Em\u0151ke igazgat\u00f3helyettestan\u00edt\u00f3 Kedd 10:00-10:45 Arday Gr\u00e9ta tan\u00edt\u00f3oszt\u00e1lyf\u0151n\u00f6k 1. a H\u00e9tf\u01519:00-9:45 B\u00e1nyi-Maticsek&hellip;<\/p>\n","protected":false},"author":1,"featured_media":0,"parent":0,"menu_order":0,"comment_status":"closed","ping_status":"closed","template":"","meta":{"footnotes":""},"class_list":["post-91","page","type-page","status-publish","hentry"],"_links":{"self":[{"href":"https:\/\/bocskai11.hu\/index.php\/wp-json\/wp\/v2\/pages\/91","targetHints":{"allow":["GET"]}}],"collection":[{"href":"https:\/\/bocskai11.hu\/index.php\/wp-json\/wp\/v2\/pages"}],"about":[{"href":"https:\/\/bocskai11.hu\/index.php\/wp-json\/wp\/v2\/types\/page"}],"author":[{"embeddable":true,"href":"https:\/\/bocskai11.hu\/index.php\/wp-json\/wp\/v2\/users\/1"}],"replies":[{"embeddable":true,"href":"https:\/\/bocskai11.hu\/index.php\/wp-json\/wp\/v2\/comments?post=91"}],"version-history":[{"count":188,"href":"https:\/\/bocskai11.hu\/index.php\/wp-json\/wp\/v2\/pages\/91\/revisions"}],"predecessor-version":[{"id":3244,"href":"https:\/\/bocskai11.hu\/index.php\/wp-json\/wp\/v2\/pages\/91\/revisions\/3244"}],"wp:attachment":[{"href":"https:\/\/bocskai11.hu\/index.php\/wp-json\/wp\/v2\/media?parent=91"}],"curies":[{"name":"wp","href":"https:\/\/api.w.org\/{rel}","templated":true}]}}